{"id":1590,"date":"2014-08-29T21:51:47","date_gmt":"2014-08-29T19:51:47","guid":{"rendered":"http:\/\/www.joh-nrw.com\/?page_id=1590"},"modified":"2019-05-30T14:14:51","modified_gmt":"2019-05-30T12:14:51","slug":"chaimtrails","status":"publish","type":"page","link":"https:\/\/joh-nrw.com\/blog\/chaimtrails","title":{"rendered":"Chemtrails"},"content":{"rendered":"<p>BITTE, BITTE!!! Diesen Film bitte unbedingt ansehen und zum Schutz der<br \/>\ngesamten Weltbev\u00f6lkerung SOFORT handeln.<br \/>\n<strong>HAARP &#8211; Rostock \/ Marlow &#8211; gr\u00f6\u00dfte Anlage der Welt<\/strong><br \/>\n<iframe loading=\"lazy\" width=\"640\" height=\"360\" src=\"\/\/www.youtube.com\/embed\/0PSLCmBg8Wo?list=UUvdKjKbFUJuYVwerm1YjjHA\" allowfullscreen=\"allowfullscreen\" frameborder=\"0\"><\/iframe><\/p>\n<p><strong>Chemtrails: Piloten, \u00c4rzte und Wissenschaftler packen aus &#8230;<\/strong><br \/>\n<a href=\"https:\/\/www.google.nl\/webhp?sourceid=chrome-instant&amp;ion=1&amp;espv=2&amp;ie=UTF-8#q=chemtrails&amp;tbm=vid\" target=\"_blank\" rel=\"noopener noreferrer\"><img loading=\"lazy\" src=\"https:\/\/www.joh-nrw.com\/blog\/wp-content\/uploads\/2014\/01\/hpfixseparat_1p_menubutton1.gif\" alt=\"\" class=\"alignnone wp-image-435 size-full\" width=\"180\" height=\"50\" \/><\/a><br \/>\n<a href=\"https:\/\/www.youtube.com\/watch?v=ZHpAZNFdXRs\" target=\"_blank\" rel=\"noopener noreferrer\"><img loading=\"lazy\" src=\"https:\/\/www.joh-nrw.com\/blog\/wp-content\/uploads\/2014\/01\/hpfixseparat_1p_menubutton1.gif\" alt=\"\" class=\"alignnone wp-image-435 size-full\" width=\"180\" height=\"50\" \/><\/a><br \/>\n<a href=\"https:\/\/www.youtube.com\/watch?v=Z0GPZuIF8lM\" target=\"_blank\" rel=\"noopener noreferrer\"><img loading=\"lazy\" src=\"https:\/\/www.joh-nrw.com\/blog\/wp-content\/uploads\/2014\/01\/hpfixseparat_1p_menubutton1.gif\" alt=\"\" class=\"alignnone wp-image-435 size-full\" width=\"180\" height=\"50\" \/><\/a><br \/>\n<a href=\"https:\/\/www.youtube.com\/watch?v=e-HKiKV5J64\" target=\"_blank\" rel=\"noopener noreferrer\"><img loading=\"lazy\" src=\"https:\/\/www.joh-nrw.com\/blog\/wp-content\/uploads\/2014\/01\/hpfixseparat_1p_menubutton1.gif\" alt=\"\" class=\"alignnone wp-image-435 size-full\" width=\"180\" height=\"50\" \/><\/a><\/p>\n","protected":false},"excerpt":{"rendered":"<p>BITTE, BITTE!!! Diesen Film bitte unbedingt ansehen und zum Schutz der gesamten Weltbev\u00f6lkerung SOFORT handeln. HAARP &#8211; Rostock \/ Marlow &#8211; gr\u00f6\u00dfte Anlage der Welt Chemtrails: Piloten, \u00c4rzte und Wissenschaftler packen aus &#8230;<\/p>\n","protected":false},"author":1,"featured_media":0,"parent":0,"menu_order":0,"comment_status":"closed","ping_status":"closed","template":"","meta":{"_links_to":"","_links_to_target":""},"_links":{"self":[{"href":"https:\/\/joh-nrw.com\/blog\/wp-json\/wp\/v2\/pages\/1590"}],"collection":[{"href":"https:\/\/joh-nrw.com\/blog\/wp-json\/wp\/v2\/pages"}],"about":[{"href":"https:\/\/joh-nrw.com\/blog\/wp-json\/wp\/v2\/types\/page"}],"author":[{"embeddable":true,"href":"https:\/\/joh-nrw.com\/blog\/wp-json\/wp\/v2\/users\/1"}],"replies":[{"embeddable":true,"href":"https:\/\/joh-nrw.com\/blog\/wp-json\/wp\/v2\/comments?post=1590"}],"version-history":[{"count":5,"href":"https:\/\/joh-nrw.com\/blog\/wp-json\/wp\/v2\/pages\/1590\/revisions"}],"predecessor-version":[{"id":4138,"href":"https:\/\/joh-nrw.com\/blog\/wp-json\/wp\/v2\/pages\/1590\/revisions\/4138"}],"wp:attachment":[{"href":"https:\/\/joh-nrw.com\/blog\/wp-json\/wp\/v2\/media?parent=1590"}],"curies":[{"name":"wp","href":"https:\/\/api.w.org\/{rel}","templated":true}]}}