{"id":2040,"date":"2015-05-08T14:07:02","date_gmt":"2015-05-08T12:07:02","guid":{"rendered":"http:\/\/www.joh-nrw.com\/?page_id=2040"},"modified":"2018-03-25T15:20:54","modified_gmt":"2018-03-25T13:20:54","slug":"polizeigewalt-ohne-rechtsgrundlage","status":"publish","type":"page","link":"https:\/\/joh-nrw.com\/blog\/polizeigewalt-ohne-rechtsgrundlage","title":{"rendered":"Polizeigewalt ohne Rechtsgrundlage"},"content":{"rendered":"<p style=\"text-align: center;\"><strong>Polizeigewalt ohne Rechtsgrundlage<\/strong><br \/>\n<a href=\"https:\/\/joh-nrw.com\/blog\/wp-content\/uploads\/2015\/05\/Polizeigewalt.jpg\" target=\"_blank\" rel=\"noopener\"><img loading=\"lazy\" class=\"alignnone size-full wp-image-2041\" src=\"https:\/\/joh-nrw.com\/blog\/wp-content\/uploads\/2015\/05\/Polizeigewalt.jpg\" alt=\"Polizeigewalt\" width=\"1576\" height=\"2075\" srcset=\"https:\/\/joh-nrw.com\/blog\/wp-content\/uploads\/2015\/05\/Polizeigewalt.jpg 1576w, https:\/\/joh-nrw.com\/blog\/wp-content\/uploads\/2015\/05\/Polizeigewalt-228x300.jpg 228w, https:\/\/joh-nrw.com\/blog\/wp-content\/uploads\/2015\/05\/Polizeigewalt-778x1024.jpg 778w\" sizes=\"(max-width: 1576px) 100vw, 1576px\" \/><\/a><\/p>\n<p><a href=\"https:\/\/joh-nrw.com\/blog\/wp-content\/uploads\/2015\/05\/Leserbrief-.jpg\" target=\"_blank\" rel=\"noopener\"><img loading=\"lazy\" class=\"alignnone size-full wp-image-2043\" src=\"https:\/\/joh-nrw.com\/blog\/wp-content\/uploads\/2015\/05\/Leserbrief-.jpg\" alt=\"Leserbrief-\" width=\"1959\" height=\"1252\" srcset=\"https:\/\/joh-nrw.com\/blog\/wp-content\/uploads\/2015\/05\/Leserbrief-.jpg 1959w, https:\/\/joh-nrw.com\/blog\/wp-content\/uploads\/2015\/05\/Leserbrief--300x192.jpg 300w, https:\/\/joh-nrw.com\/blog\/wp-content\/uploads\/2015\/05\/Leserbrief--1024x654.jpg 1024w, https:\/\/joh-nrw.com\/blog\/wp-content\/uploads\/2015\/05\/Leserbrief--469x300.jpg 469w\" sizes=\"(max-width: 1959px) 100vw, 1959px\" \/><\/a><strong>Leserbrief\/Stellungnahme von Axel Thiesmeier, L\u00fcbbecker Str. 35-39, 32584 L\u00f6hne<\/strong><\/p>\n<p><strong>Polizeigewalt im Jahr 2012 &#8211; R\u00fcckschau<\/strong> !<br \/>\n<strong><a href=\"http:\/\/www.joh-nrw.com\/pdf\/Protokoll.pdf\" target=\"_blank\" rel=\"noopener\"><img loading=\"lazy\" class=\"alignnone size-full wp-image-435\" src=\"https:\/\/joh-nrw.com\/blog\/wp-content\/uploads\/2014\/01\/hpfixseparat_1p_menubutton1.gif\" alt=\"hpfixseparat_1p_menubutton1\" width=\"180\" height=\"50\" \/><\/a><\/strong><\/p>\n<p><strong>R\u00fcckschau 2012 \u00dcberfall POLIZEI-Grosseinsatz in L\u00f6hne \u2013 Schuldgeldeintreibung ohne Rechtsgrundlagen<\/strong> <em>quelle Wakenews<br \/>\n<a href=\"https:\/\/mywakenews.wordpress.com\/2014\/05\/17\/polizei-grosseinsatz-in-lohne-schuldgeldeintreibung-ohne-rechtsgrundlagen\/\" target=\"_blank\" rel=\"noopener\"><img loading=\"lazy\" class=\"alignnone size-full wp-image-435\" src=\"https:\/\/joh-nrw.com\/blog\/wp-content\/uploads\/2014\/01\/hpfixseparat_1p_menubutton1.gif\" alt=\"hpfixseparat_1p_menubutton1\" width=\"180\" height=\"50\" \/><\/a><\/em><br \/>\n<strong><br \/>\nR\u00fcckschau 2012 Polizeigewalt<\/strong><br \/>\n<a href=\"http:\/\/www.joh-nrw.com\/polizeigewalt\" target=\"_blank\" rel=\"noopener\"><img loading=\"lazy\" class=\"alignnone size-full wp-image-435\" src=\"https:\/\/joh-nrw.com\/blog\/wp-content\/uploads\/2014\/01\/hpfixseparat_1p_menubutton1.gif\" alt=\"hpfixseparat_1p_menubutton1\" width=\"180\" height=\"50\" \/><\/a><\/p>\n<p><strong>mehr unter:<\/strong> <em>quelle westfalen-blatt<br \/>\n<\/em><strong><a href=\"http:\/\/www.westfalen-blatt.de\/OWL\/Lokales\/Kreis-Herford\/Herford\/1965475-Richterin-spricht-angeblich-aggressiven-Autofahrer-frei-Ermittlungen-gegen-mehrere-Polizisten-Schlaege-Tritte-Pfefferspray-Polizeivideo-belastet-Beamten\/\" target=\"_blank\" rel=\"noopener\"><img loading=\"lazy\" class=\"alignnone size-full wp-image-435\" src=\"https:\/\/joh-nrw.com\/blog\/wp-content\/uploads\/2014\/01\/hpfixseparat_1p_menubutton1.gif\" alt=\"hpfixseparat_1p_menubutton1\" width=\"180\" height=\"50\" \/><\/a><\/strong><\/p>\n","protected":false},"excerpt":{"rendered":"<p>Polizeigewalt ohne Rechtsgrundlage Leserbrief\/Stellungnahme von Axel Thiesmeier, L\u00fcbbecker Str. 35-39, 32584 L\u00f6hne Polizeigewalt im Jahr 2012 &#8211; R\u00fcckschau ! R\u00fcckschau 2012 \u00dcberfall POLIZEI-Grosseinsatz in L\u00f6hne \u2013 Schuldgeldeintreibung ohne Rechtsgrundlagen quelle Wakenews R\u00fcckschau 2012 Polizeigewalt mehr unter: quelle westfalen-blatt<\/p>\n","protected":false},"author":1,"featured_media":0,"parent":0,"menu_order":0,"comment_status":"closed","ping_status":"closed","template":"","meta":{"_links_to":"","_links_to_target":""},"_links":{"self":[{"href":"https:\/\/joh-nrw.com\/blog\/wp-json\/wp\/v2\/pages\/2040"}],"collection":[{"href":"https:\/\/joh-nrw.com\/blog\/wp-json\/wp\/v2\/pages"}],"about":[{"href":"https:\/\/joh-nrw.com\/blog\/wp-json\/wp\/v2\/types\/page"}],"author":[{"embeddable":true,"href":"https:\/\/joh-nrw.com\/blog\/wp-json\/wp\/v2\/users\/1"}],"replies":[{"embeddable":true,"href":"https:\/\/joh-nrw.com\/blog\/wp-json\/wp\/v2\/comments?post=2040"}],"version-history":[{"count":9,"href":"https:\/\/joh-nrw.com\/blog\/wp-json\/wp\/v2\/pages\/2040\/revisions"}],"predecessor-version":[{"id":3993,"href":"https:\/\/joh-nrw.com\/blog\/wp-json\/wp\/v2\/pages\/2040\/revisions\/3993"}],"wp:attachment":[{"href":"https:\/\/joh-nrw.com\/blog\/wp-json\/wp\/v2\/media?parent=2040"}],"curies":[{"name":"wp","href":"https:\/\/api.w.org\/{rel}","templated":true}]}}