{"id":595,"date":"2014-02-09T21:30:58","date_gmt":"2014-02-09T20:30:58","guid":{"rendered":"http:\/\/www.joh-nrw.com\/blog\/?page_id=595"},"modified":"2018-03-25T15:17:50","modified_gmt":"2018-03-25T13:17:50","slug":"joh-umschau","status":"publish","type":"page","link":"https:\/\/joh-nrw.com\/blog\/joh-umschau","title":{"rendered":"JOH-Umschau"},"content":{"rendered":"<div align=\"center\"><a href=\"http:\/\/www.joh-nrw.com\/blog\/wp-content\/uploads\/2014\/01\/2banner2013_1.jpg\" target=\"_blank\" rel=\"noopener\"><img loading=\"lazy\" class=\"alignnone size-full wp-image-429\" src=\"http:\/\/www.joh-nrw.com\/blog\/wp-content\/uploads\/2014\/01\/2banner2013_1.jpg\" alt=\"2banner2013_1\" width=\"822\" height=\"82\" srcset=\"https:\/\/joh-nrw.com\/blog\/wp-content\/uploads\/2014\/01\/2banner2013_1.jpg 822w, https:\/\/joh-nrw.com\/blog\/wp-content\/uploads\/2014\/01\/2banner2013_1-300x29.jpg 300w, https:\/\/joh-nrw.com\/blog\/wp-content\/uploads\/2014\/01\/2banner2013_1-500x49.jpg 500w\" sizes=\"(max-width: 822px) 100vw, 822px\" \/><\/a>\n<\/div>\n<p><a href=\"http:\/\/www.joh-nrw.com\/blog\/wp-content\/uploads\/2014\/02\/hpfixseparat_kl2.jpg\" target=\"_blank\" rel=\"noopener\"><img loading=\"lazy\" class=\"alignnone wp-image-599\" src=\"http:\/\/www.joh-nrw.com\/blog\/wp-content\/uploads\/2014\/02\/hpfixseparat_kl2.jpg\" alt=\"hpfixseparat_kl2\" width=\"822\" height=\"212\" srcset=\"https:\/\/joh-nrw.com\/blog\/wp-content\/uploads\/2014\/02\/hpfixseparat_kl2.jpg 822w, https:\/\/joh-nrw.com\/blog\/wp-content\/uploads\/2014\/02\/hpfixseparat_kl2-300x77.jpg 300w, https:\/\/joh-nrw.com\/blog\/wp-content\/uploads\/2014\/02\/hpfixseparat_kl2-500x128.jpg 500w\" sizes=\"(max-width: 822px) 100vw, 822px\" \/><\/a><\/p>\n<p>Die Schlacht um Stalingrad<br \/>\n<a href=\"http:\/\/www.youtube.com\/watch?v=cJBztGPq5Bg\" target=\"_blank\" rel=\"noopener\"><img loading=\"lazy\" class=\"alignnone size-full wp-image-435\" src=\"http:\/\/www.joh-nrw.com\/blog\/wp-content\/uploads\/2014\/01\/hpfixseparat_1p_menubutton1.gif\" alt=\"hpfixseparat_1p_menubutton1\" width=\"180\" height=\"50\" \/><\/a><\/p>\n<p>\u00dcber Galgen w\u00e4chst kein Gras<br \/>\n<a href=\"http:\/\/www.youtube.com\/watch?v=jzqEWLqS-Ws\" target=\"_blank\" rel=\"noopener\"><img loading=\"lazy\" class=\"alignnone size-full wp-image-435\" src=\"http:\/\/www.joh-nrw.com\/blog\/wp-content\/uploads\/2014\/01\/hpfixseparat_1p_menubutton1.gif\" alt=\"hpfixseparat_1p_menubutton1\" width=\"180\" height=\"50\" \/><\/a><\/p>\n<p>Was Guido Knopp zum Nachteil des deutschen Volkes verschweigt!<br \/>\n<a href=\"http:\/\/www.youtube.com\/results?search_query=Was+Guido+Kopp+verschweigt&amp;oq=Was+Guido+Kopp+verschweigt&amp;gs_l=youtube-reduced.3...63319.73015.0.73711.26.21.0.5.5.0.119.1747.17j4.21.0...0.0...1ac.1.HMc69Ce_BeU\" target=\"_blank\" rel=\"noopener\"><img loading=\"lazy\" class=\"alignnone size-full wp-image-435\" src=\"http:\/\/www.joh-nrw.com\/blog\/wp-content\/uploads\/2014\/01\/hpfixseparat_1p_menubutton1.gif\" alt=\"hpfixseparat_1p_menubutton1\" width=\"180\" height=\"50\" \/><\/a><\/p>\n<p>9\/11 entschl\u00fcsselt &#8211; Die bezahlten Statisten &#8211; Die gef\u00e4lschten Boeings &#8211; Kapitel I<br \/>\n<a href=\"http:\/\/www.youtube.com\/watch?v=mtuTpH3bYdg\" target=\"_blank\" rel=\"noopener\"><img loading=\"lazy\" class=\"alignnone size-full wp-image-435\" src=\"http:\/\/www.joh-nrw.com\/blog\/wp-content\/uploads\/2014\/01\/hpfixseparat_1p_menubutton1.gif\" alt=\"hpfixseparat_1p_menubutton1\" width=\"180\" height=\"50\" \/><\/a><\/p>\n<p>9\/11 &#8211; Mega Ritual<br \/>\n<a href=\"http:\/\/www.youtube.com\/results?search_query=9+11+mega+ritual+&amp;oq=9%2F11+Mega&amp;gs_l=youtube.1.1.0j0i33l2.98103.103690.0.106582.9.7.0.2.2.0.166.801.3j4.7.0...0.0...1ac.1.6S88XU3CfHo\" target=\"_blank\" rel=\"noopener\"><img loading=\"lazy\" class=\"alignnone size-full wp-image-435\" src=\"http:\/\/www.joh-nrw.com\/blog\/wp-content\/uploads\/2014\/01\/hpfixseparat_1p_menubutton1.gif\" alt=\"hpfixseparat_1p_menubutton1\" width=\"180\" height=\"50\" \/><\/a><\/p>\n<p>Das 9\/11 Mega Ritual entschl\u00fcsselt<br \/>\n<a href=\"http:\/\/www.youtube.com\/watch?v=8SQKVmUx3bM\" target=\"_blank\" rel=\"noopener\"><img loading=\"lazy\" class=\"alignnone size-full wp-image-435\" src=\"http:\/\/www.joh-nrw.com\/blog\/wp-content\/uploads\/2014\/01\/hpfixseparat_1p_menubutton1.gif\" alt=\"hpfixseparat_1p_menubutton1\" width=\"180\" height=\"50\" \/><\/a><\/p>\n<p><a href=\"http:\/\/www.google.de\/#hl=de&amp;output=search&amp;sclient=psy-ab&amp;q=Mega+Ritual&amp;oq=Mega+Ritual&amp;gs_l=hp.3..0l4.9493.13255.0.13735.11.9.0.2.2.1.511.2581.0j3j4j5-2.9.0...0.0...1c.1.5.psy-ab.k8P6VudE5M4&amp;pbx=1&amp;bav=on.2,or.r_gc.r_pw.r_qf.&amp;bvm=bv.43148975,d.Yms&amp;fp=7c8f8eb213f12ae4&amp;biw=1568&amp;bih=755\" target=\"_blank\" rel=\"noopener\"><img loading=\"lazy\" class=\"alignnone size-full wp-image-435\" src=\"http:\/\/www.joh-nrw.com\/blog\/wp-content\/uploads\/2014\/01\/hpfixseparat_1p_menubutton1.gif\" alt=\"hpfixseparat_1p_menubutton1\" width=\"180\" height=\"50\" \/><\/a><\/p>\n<p>Mondlandungsl\u00fcge<br \/>\n<a href=\"http:\/\/www.youtube.com\/results?search_query=mondlandungsl%C3%BCge&amp;oq=Mondlandung+L%C3%BCge&amp;gs_l=youtube.1.0.0i10.75569.82224.0.86351.16.11.0.5.5.0.131.1096.5j6.11.0...0.0...1ac.1.YdtZb_9H26M\" target=\"_blank\" rel=\"noopener\"><img loading=\"lazy\" class=\"alignnone size-full wp-image-435\" src=\"http:\/\/www.joh-nrw.com\/blog\/wp-content\/uploads\/2014\/01\/hpfixseparat_1p_menubutton1.gif\" alt=\"hpfixseparat_1p_menubutton1\" width=\"180\" height=\"50\" \/><\/a><\/p>\n<p>WOLLT IHR NICHT LEBEN 2012?<br \/>\n<a href=\"http:\/\/www.youtube.com\/watch?v=R4tzMY6V3tQ\" target=\"_blank\" rel=\"noopener\"><img loading=\"lazy\" class=\"alignnone size-full wp-image-435\" src=\"http:\/\/www.joh-nrw.com\/blog\/wp-content\/uploads\/2014\/01\/hpfixseparat_1p_menubutton1.gif\" alt=\"hpfixseparat_1p_menubutton1\" width=\"180\" height=\"50\" \/><\/a><\/p>\n<p>Jetzt informiert die Bundesregierung!<br \/>\n<a href=\"http:\/\/www.youtube.com\/watch?v=lhKfK2ITtYY\" target=\"_blank\" rel=\"noopener\"><img loading=\"lazy\" class=\"alignnone size-full wp-image-435\" src=\"http:\/\/www.joh-nrw.com\/blog\/wp-content\/uploads\/2014\/01\/hpfixseparat_1p_menubutton1.gif\" alt=\"hpfixseparat_1p_menubutton1\" width=\"180\" height=\"50\" \/><\/a><\/p>\n<p>Die manipulative Macht \u00fcber das Wetter!<br \/>\n<a href=\"http:\/\/www.chemtrail.de\/\" target=\"_blank\" rel=\"noopener\"><img loading=\"lazy\" class=\"alignnone size-full wp-image-435\" src=\"http:\/\/www.joh-nrw.com\/blog\/wp-content\/uploads\/2014\/01\/hpfixseparat_1p_menubutton1.gif\" alt=\"hpfixseparat_1p_menubutton1\" width=\"180\" height=\"50\" \/><\/a><\/p>\n<p>Todesstreifen am Himmel!<br \/>\n<a href=\"http:\/\/www.youtube.com\/watch?v=o6Vw1uHH67M\" target=\"_blank\" rel=\"noopener\"><img loading=\"lazy\" class=\"alignnone wp-image-435\" src=\"http:\/\/www.joh-nrw.com\/blog\/wp-content\/uploads\/2014\/01\/hpfixseparat_1p_menubutton1.gif\" alt=\"hpfixseparat_1p_menubutton1\" width=\"180\" height=\"50\" \/><\/a><\/p>\n<p>CHEMTRAILS &amp; HAARP noch nie geh\u00f6rt?<br \/>\n<a href=\"http:\/\/www.youtube.com\/watch?v=Y2b0ONTUnWM\" target=\"_blank\" rel=\"noopener\"><img loading=\"lazy\" class=\"alignnone size-full wp-image-435\" src=\"http:\/\/www.joh-nrw.com\/blog\/wp-content\/uploads\/2014\/01\/hpfixseparat_1p_menubutton1.gif\" alt=\"hpfixseparat_1p_menubutton1\" width=\"180\" height=\"50\" \/><\/a><\/p>\n<p>Was sind Chemtrails?<br \/>\n<a href=\"http:\/\/www.youtube.com\/watch?v=soWORuTWEJE\" target=\"_blank\" rel=\"noopener\"><img loading=\"lazy\" class=\"alignnone size-full wp-image-435\" src=\"http:\/\/www.joh-nrw.com\/blog\/wp-content\/uploads\/2014\/01\/hpfixseparat_1p_menubutton1.gif\" alt=\"hpfixseparat_1p_menubutton1\" width=\"180\" height=\"50\" \/><\/a><\/p>\n<p>Rechtsanwalt Dominik Storr \u00fcber\u00a0Chemtrails!<br \/>\n<a href=\"http:\/\/www.youtube.com\/watch?v=qQ5lyFROeqk\" target=\"_blank\" rel=\"noopener\"><img loading=\"lazy\" class=\"alignnone size-full wp-image-435\" src=\"http:\/\/www.joh-nrw.com\/blog\/wp-content\/uploads\/2014\/01\/hpfixseparat_1p_menubutton1.gif\" alt=\"hpfixseparat_1p_menubutton1\" width=\"180\" height=\"50\" \/><\/a><\/p>\n<p>H.A.A.R.P. &#8211; Die Erde als Waffe?<br \/>\n<a href=\"http:\/\/www.youtube.com\/watch?v=m30JcsQ7fDA\" target=\"_blank\" rel=\"noopener\"><img loading=\"lazy\" class=\"alignnone size-full wp-image-435\" src=\"http:\/\/www.joh-nrw.com\/blog\/wp-content\/uploads\/2014\/01\/hpfixseparat_1p_menubutton1.gif\" alt=\"hpfixseparat_1p_menubutton1\" width=\"180\" height=\"50\" \/><\/a><\/p>\n<p>Chemtrails und Haarp!<br \/>\n<a href=\"http:\/\/www.youtube.com\/watch?v=EgczgWJUOLA\" target=\"_blank\" rel=\"noopener\"><img loading=\"lazy\" class=\"alignnone size-full wp-image-435\" src=\"http:\/\/www.joh-nrw.com\/blog\/wp-content\/uploads\/2014\/01\/hpfixseparat_1p_menubutton1.gif\" alt=\"hpfixseparat_1p_menubutton1\" width=\"180\" height=\"50\" \/><\/a><\/p>\n<p>IMPFUNGEN: SINN ODER UNSINN ?<br \/>\n<a href=\"http:\/\/www.youtube.com\/watch?v=8DH-7gZbesA\" target=\"_blank\" rel=\"noopener\"><img loading=\"lazy\" class=\"alignnone size-full wp-image-435\" src=\"http:\/\/www.joh-nrw.com\/blog\/wp-content\/uploads\/2014\/01\/hpfixseparat_1p_menubutton1.gif\" alt=\"hpfixseparat_1p_menubutton1\" width=\"180\" height=\"50\" \/><\/a><\/p>\n<p>Nebenwirkung Tod &#8212; Korruption in der Pharmaindustrie!<br \/>\n<a href=\"http:\/\/www.youtube.com\/watch?v=QTYYu_3egbA\" target=\"_blank\" rel=\"noopener\"><img loading=\"lazy\" class=\"alignnone size-full wp-image-435\" src=\"http:\/\/www.joh-nrw.com\/blog\/wp-content\/uploads\/2014\/01\/hpfixseparat_1p_menubutton1.gif\" alt=\"hpfixseparat_1p_menubutton1\" width=\"180\" height=\"50\" \/><\/a><\/p>\n<p>Massenmedien geben zu: 11. September 2001 ist eine L\u00fcge!<br \/>\n<a href=\"http:\/\/www.youtube.com\/watch?v=mbV_DykolRk\" target=\"_blank\" rel=\"noopener\"><img loading=\"lazy\" class=\"alignnone size-full wp-image-435\" src=\"http:\/\/www.joh-nrw.com\/blog\/wp-content\/uploads\/2014\/01\/hpfixseparat_1p_menubutton1.gif\" alt=\"hpfixseparat_1p_menubutton1\" width=\"180\" height=\"50\" \/><\/a><\/p>\n<p>Ihr lernt das, was Ihr wissen d\u00fcrft!<br \/>\n<a href=\"http:\/\/www.youtube.com\/watch?v=1rvPPxnITzU\" target=\"_blank\" rel=\"noopener\"><img loading=\"lazy\" class=\"alignnone size-full wp-image-435\" src=\"http:\/\/www.joh-nrw.com\/blog\/wp-content\/uploads\/2014\/01\/hpfixseparat_1p_menubutton1.gif\" alt=\"hpfixseparat_1p_menubutton1\" width=\"180\" height=\"50\" \/><\/a><\/p>\n<p>Die Jahrhundertl\u00fcge, die nur Insider kennen!<br \/>\n<a href=\"http:\/\/www.youtube.com\/watch?v=T-lGZfWT8pE\" target=\"_blank\" rel=\"noopener\"><img loading=\"lazy\" class=\"alignnone size-full wp-image-435\" src=\"http:\/\/www.joh-nrw.com\/blog\/wp-content\/uploads\/2014\/01\/hpfixseparat_1p_menubutton1.gif\" alt=\"hpfixseparat_1p_menubutton1\" width=\"180\" height=\"50\" \/><\/a><\/p>\n<p>Siegerjustiz? Interview mit Prof. Dr. Erich Buchholz!<br \/>\n<a href=\"http:\/\/www.youtube.com\/watch?v=XhKiCUfl1rM\" target=\"_blank\" rel=\"noopener\"><img loading=\"lazy\" class=\"alignnone size-full wp-image-435\" src=\"http:\/\/www.joh-nrw.com\/blog\/wp-content\/uploads\/2014\/01\/hpfixseparat_1p_menubutton1.gif\" alt=\"hpfixseparat_1p_menubutton1\" width=\"180\" height=\"50\" \/><\/a><\/p>\n<p>Kriegsversprechen II &#8211; Terrormanagement im 21. Jahrhundert!<br \/>\n<a href=\"http:\/\/www.youtube.com\/watch?v=vO7KwIaroeI\" target=\"_blank\" rel=\"noopener\"><img loading=\"lazy\" class=\"alignnone size-full wp-image-435\" src=\"http:\/\/www.joh-nrw.com\/blog\/wp-content\/uploads\/2014\/01\/hpfixseparat_1p_menubutton1.gif\" alt=\"hpfixseparat_1p_menubutton1\" width=\"180\" height=\"50\" \/><\/a><\/p>\n<p>Unter falscher Flagge!<br \/>\n<a href=\"http:\/\/www.youtube.com\/watch?v=YH1q_aUaW4w\" target=\"_blank\" rel=\"noopener\"><img loading=\"lazy\" class=\"alignnone size-full wp-image-435\" src=\"http:\/\/www.joh-nrw.com\/blog\/wp-content\/uploads\/2014\/01\/hpfixseparat_1p_menubutton1.gif\" alt=\"hpfixseparat_1p_menubutton1\" width=\"180\" height=\"50\" \/><\/a><\/p>\n<p>Die Beweise sind auf dem Tisch zum 11. September 2001!<br \/>\n<a href=\"http:\/\/www.youtube.com\/watch?v=v8hozOuw92k\" target=\"_blank\" rel=\"noopener\"><img loading=\"lazy\" class=\"alignnone size-full wp-image-435\" src=\"http:\/\/www.joh-nrw.com\/blog\/wp-content\/uploads\/2014\/01\/hpfixseparat_1p_menubutton1.gif\" alt=\"hpfixseparat_1p_menubutton1\" width=\"180\" height=\"50\" \/><\/a><\/p>\n<p>Die Enth\u00fcllung der langfristigen Pl\u00e4ne der Weltelite!<br \/>\n<a href=\"http:\/\/www.youtube.com\/watch?v=mtSk5FSEAFc\" target=\"_blank\" rel=\"noopener\"><img loading=\"lazy\" class=\"alignnone size-full wp-image-435\" src=\"http:\/\/www.joh-nrw.com\/blog\/wp-content\/uploads\/2014\/01\/hpfixseparat_1p_menubutton1.gif\" alt=\"hpfixseparat_1p_menubutton1\" width=\"180\" height=\"50\" \/><\/a><\/p>\n<p>Die gr\u00f6\u00dfte L\u00fcge aller Zeiten!<br \/>\n<a href=\"http:\/\/www.youtube.com\/watch?v=QxAGy_6IseE\" target=\"_blank\" rel=\"noopener\"><img loading=\"lazy\" class=\"alignnone size-full wp-image-435\" src=\"http:\/\/www.joh-nrw.com\/blog\/wp-content\/uploads\/2014\/01\/hpfixseparat_1p_menubutton1.gif\" alt=\"hpfixseparat_1p_menubutton1\" width=\"180\" height=\"50\" \/><\/a><\/p>\n<p>Die Wahrheit \u00fcber Ihre Rente!<br \/>\n<a href=\"http:\/\/www.joh-nrw.com\/pdf\/BRD-Rente.pdf\" target=\"_blank\" rel=\"noopener\"><img loading=\"lazy\" class=\"alignnone size-full wp-image-435\" src=\"http:\/\/www.joh-nrw.com\/blog\/wp-content\/uploads\/2014\/01\/hpfixseparat_1p_menubutton1.gif\" alt=\"hpfixseparat_1p_menubutton1\" width=\"180\" height=\"50\" \/><\/a><\/p>\n<p>Deutschland? Die Wahrheit!<br \/>\n<a href=\"http:\/\/www.aus-wandern.de\/deutschland-die-wahrheit\" target=\"_blank\" rel=\"noopener\"><img loading=\"lazy\" class=\"alignnone size-full wp-image-435\" src=\"http:\/\/www.joh-nrw.com\/blog\/wp-content\/uploads\/2014\/01\/hpfixseparat_1p_menubutton1.gif\" alt=\"hpfixseparat_1p_menubutton1\" width=\"180\" height=\"50\" \/><\/a><\/p>\n<p>Syrien f\u00e4llt zuerst und dann kommt der Iran!<br \/>\n<a href=\"http:\/\/www.youtube.com\/watch?v=SlbpFCiyyG4\" target=\"_blank\" rel=\"noopener\"><img loading=\"lazy\" class=\"alignnone size-full wp-image-435\" src=\"http:\/\/www.joh-nrw.com\/blog\/wp-content\/uploads\/2014\/01\/hpfixseparat_1p_menubutton1.gif\" alt=\"hpfixseparat_1p_menubutton1\" width=\"180\" height=\"50\" \/><\/a><\/p>\n<p>L\u00fcgen \u00fcber L\u00fcgen! Wohl das ganze Leben?<br \/>\n<a href=\"http:\/\/www.aus-wandern.de\/lugen-uber-lugen-wohl-das-ganze-leben\" target=\"_blank\" rel=\"noopener\"><img loading=\"lazy\" class=\"alignnone size-full wp-image-435\" src=\"http:\/\/www.joh-nrw.com\/blog\/wp-content\/uploads\/2014\/01\/hpfixseparat_1p_menubutton1.gif\" alt=\"hpfixseparat_1p_menubutton1\" width=\"180\" height=\"50\" \/><\/a><\/p>\n<p>Massenmord an nicht informierten Menschen!<br \/>\n<a href=\"http:\/\/karfreitagsgrill-weckdienst.org\/2013\/08\/10\/massenmord-an-nicht-informierten-menschen-durch-zytostatika\/\" target=\"_blank\" rel=\"noopener\"><img loading=\"lazy\" class=\"alignnone size-full wp-image-435\" src=\"http:\/\/www.joh-nrw.com\/blog\/wp-content\/uploads\/2014\/01\/hpfixseparat_1p_menubutton1.gif\" alt=\"hpfixseparat_1p_menubutton1\" width=\"180\" height=\"50\" \/><\/a><br \/>\n<a href=\"http:\/\/www.impf-report.de\" target=\"_blank\" rel=\"noopener\"><img loading=\"lazy\" class=\"alignnone size-full wp-image-435\" src=\"http:\/\/www.joh-nrw.com\/blog\/wp-content\/uploads\/2014\/01\/hpfixseparat_1p_menubutton1.gif\" alt=\"hpfixseparat_1p_menubutton1\" width=\"180\" height=\"50\" \/><\/a><br \/>\n<a href=\"http:\/\/www.impfkritik.de\" target=\"_blank\" rel=\"noopener\"><img loading=\"lazy\" class=\"alignnone size-full wp-image-435\" src=\"http:\/\/www.joh-nrw.com\/blog\/wp-content\/uploads\/2014\/01\/hpfixseparat_1p_menubutton1.gif\" alt=\"hpfixseparat_1p_menubutton1\" width=\"180\" height=\"50\" \/><\/a><\/p>\n<p>&nbsp;<\/p>\n<p>&nbsp;<\/p>\n<p>&nbsp;<\/p>\n<p><a href=\"http:\/\/www.joh-nrw.com\/blog\/wp-content\/uploads\/2014\/01\/hpfixseparat_1weg_frei_.jpg\" target=\"_blank\" rel=\"noopener\"><img loading=\"lazy\" class=\"alignnone size-full wp-image-415\" src=\"http:\/\/www.joh-nrw.com\/blog\/wp-content\/uploads\/2014\/01\/hpfixseparat_1weg_frei_.jpg\" alt=\"hpfixseparat_1weg_frei_\" width=\"340\" height=\"252\" srcset=\"https:\/\/joh-nrw.com\/blog\/wp-content\/uploads\/2014\/01\/hpfixseparat_1weg_frei_.jpg 340w, https:\/\/joh-nrw.com\/blog\/wp-content\/uploads\/2014\/01\/hpfixseparat_1weg_frei_-300x222.jpg 300w\" sizes=\"(max-width: 340px) 100vw, 340px\" \/><\/a><\/p>\n","protected":false},"excerpt":{"rendered":"<p>Die Schlacht um Stalingrad \u00dcber Galgen w\u00e4chst kein Gras Was Guido Knopp zum Nachteil des deutschen Volkes verschweigt! 9\/11 entschl\u00fcsselt &#8211; Die bezahlten Statisten &#8211; Die gef\u00e4lschten Boeings &#8211; Kapitel I 9\/11 &#8211; Mega Ritual Das 9\/11 Mega Ritual entschl\u00fcsselt Mondlandungsl\u00fcge WOLLT IHR NICHT LEBEN 2012? Jetzt informiert die Bundesregierung! Die manipulative Macht \u00fcber das Wetter! Todesstreifen am Himmel! CHEMTRAILS &amp; HAARP noch nie geh\u00f6rt? Was sind Chemtrails? Rechtsanwalt Dominik Storr \u00fcber\u00a0Chemtrails! H.A.A.R.P. &#8211; Die Erde als Waffe? Chemtrails und Haarp! IMPFUNGEN: SINN ODER UNSINN ? Nebenwirkung Tod &#8212; Korruption in der Pharmaindustrie! Massenmedien geben zu: 11. September 2001 ist eine L\u00fcge! Ihr lernt das, was Ihr wissen d\u00fcrft! Die Jahrhundertl\u00fcge, die nur Insider kennen! Siegerjustiz? Interview mit Prof. Dr. Erich Buchholz! Kriegsversprechen II &#8211; Terrormanagement im 21. Jahrhundert! Unter falscher Flagge! Die Beweise sind auf dem Tisch zum 11. September 2001! Die Enth\u00fcllung der langfristigen Pl\u00e4ne der Weltelite! Die gr\u00f6\u00dfte L\u00fcge aller Zeiten! Die Wahrheit \u00fcber Ihre Rente! Deutschland? Die Wahrheit! Syrien f\u00e4llt zuerst und dann kommt der Iran! L\u00fcgen \u00fcber L\u00fcgen! Wohl das ganze Leben? Massenmord an nicht informierten Menschen! &nbsp; &nbsp; &nbsp;<\/p>\n","protected":false},"author":1,"featured_media":0,"parent":0,"menu_order":0,"comment_status":"closed","ping_status":"closed","template":"","meta":{"_links_to":"","_links_to_target":""},"_links":{"self":[{"href":"https:\/\/joh-nrw.com\/blog\/wp-json\/wp\/v2\/pages\/595"}],"collection":[{"href":"https:\/\/joh-nrw.com\/blog\/wp-json\/wp\/v2\/pages"}],"about":[{"href":"https:\/\/joh-nrw.com\/blog\/wp-json\/wp\/v2\/types\/page"}],"author":[{"embeddable":true,"href":"https:\/\/joh-nrw.com\/blog\/wp-json\/wp\/v2\/users\/1"}],"replies":[{"embeddable":true,"href":"https:\/\/joh-nrw.com\/blog\/wp-json\/wp\/v2\/comments?post=595"}],"version-history":[{"count":7,"href":"https:\/\/joh-nrw.com\/blog\/wp-json\/wp\/v2\/pages\/595\/revisions"}],"predecessor-version":[{"id":3990,"href":"https:\/\/joh-nrw.com\/blog\/wp-json\/wp\/v2\/pages\/595\/revisions\/3990"}],"wp:attachment":[{"href":"https:\/\/joh-nrw.com\/blog\/wp-json\/wp\/v2\/media?parent=595"}],"curies":[{"name":"wp","href":"https:\/\/api.w.org\/{rel}","templated":true}]}}