{"id":60,"date":"2014-01-29T14:57:28","date_gmt":"2014-01-29T13:57:28","guid":{"rendered":"http:\/\/joh-nrw.com\/blog\/?page_id=60"},"modified":"2018-03-25T15:20:16","modified_gmt":"2018-03-25T13:20:16","slug":"polizeigewalt","status":"publish","type":"page","link":"https:\/\/joh-nrw.com\/blog\/polizeigewalt","title":{"rendered":"Polizeigewalt"},"content":{"rendered":"<div align=\"center\"><a href=\"http:\/\/www.joh-nrw.com\/blog\/wp-content\/uploads\/2014\/01\/2banner2013_1.jpg\" target=\"_blank\" rel=\"noopener\"><img loading=\"lazy\" class=\"alignnone size-full wp-image-429\" src=\"http:\/\/www.joh-nrw.com\/blog\/wp-content\/uploads\/2014\/01\/2banner2013_1.jpg\" alt=\"2banner2013_1\" width=\"822\" height=\"82\" srcset=\"https:\/\/joh-nrw.com\/blog\/wp-content\/uploads\/2014\/01\/2banner2013_1.jpg 822w, https:\/\/joh-nrw.com\/blog\/wp-content\/uploads\/2014\/01\/2banner2013_1-300x29.jpg 300w, https:\/\/joh-nrw.com\/blog\/wp-content\/uploads\/2014\/01\/2banner2013_1-500x49.jpg 500w\" sizes=\"(max-width: 822px) 100vw, 822px\" \/><\/a>\n<\/div>\n<div align=\"center\"><a href=\"http:\/\/www.joh-nrw.com\/blog\/wp-content\/uploads\/2014\/01\/1polizeihund.jpg\" target=\"_blank\" rel=\"noopener\"><img loading=\"lazy\" class=\"alignnone size-full wp-image-612\" src=\"http:\/\/www.joh-nrw.com\/blog\/wp-content\/uploads\/2014\/01\/1polizeihund.jpg\" alt=\"1polizeihund\" width=\"699\" height=\"400\" srcset=\"https:\/\/joh-nrw.com\/blog\/wp-content\/uploads\/2014\/01\/1polizeihund.jpg 699w, https:\/\/joh-nrw.com\/blog\/wp-content\/uploads\/2014\/01\/1polizeihund-300x171.jpg 300w, https:\/\/joh-nrw.com\/blog\/wp-content\/uploads\/2014\/01\/1polizeihund-500x286.jpg 500w\" sizes=\"(max-width: 699px) 100vw, 699px\" \/><\/a><br \/>\n<a href=\"http:\/\/www.joh-nrw.com\/blog\/wp-content\/uploads\/2014\/01\/title.jpg\" target=\"_blank\" rel=\"noopener\"><img loading=\"lazy\" class=\"alignnone size-full wp-image-685\" src=\"http:\/\/www.joh-nrw.com\/blog\/wp-content\/uploads\/2014\/01\/title.jpg\" alt=\"title\" width=\"411\" height=\"274\" srcset=\"https:\/\/joh-nrw.com\/blog\/wp-content\/uploads\/2014\/01\/title.jpg 411w, https:\/\/joh-nrw.com\/blog\/wp-content\/uploads\/2014\/01\/title-300x200.jpg 300w\" sizes=\"(max-width: 411px) 100vw, 411px\" \/><\/a>\n<\/div>\n<p><span style=\"font-size: 14px;\"><strong>Beispiele zum\/zur BRD-Terrorismus &amp; Polizeigewalt!<\/strong><\/span><\/p>\n<p>Die Menschenrechtsverteidiger der Justiz-Opfer-Hilfe Deutschland<a href=\"http:\/\/www.youtube.com\/watch?v=DDtQSeNIjSY\" target=\"_blank\" rel=\"noopener\"><img loading=\"lazy\" class=\"alignnone size-full wp-image-435\" src=\"https:\/\/joh-nrw.com\/blog\/wp-content\/uploads\/2014\/01\/hpfixseparat_1p_menubutton1.gif\" alt=\"hpfixseparat_1p_menubutton1\" width=\"180\" height=\"50\" \/><\/a><\/p>\n<p>Unglaubliche BRD-Polizeigewalt &#8211; WakeNews<br \/>\n<a href=\"http:\/\/www.youtube.com\/watch?v=m_qfIdW-p40\" target=\"_blank\" rel=\"noopener\"><img loading=\"lazy\" class=\"alignnone size-full wp-image-435\" src=\"https:\/\/joh-nrw.com\/blog\/wp-content\/uploads\/2014\/01\/hpfixseparat_1p_menubutton1.gif\" alt=\"hpfixseparat_1p_menubutton1\" width=\"180\" height=\"50\" \/><\/a><\/p>\n<p>Polizeigewalt gegen Sandra B. &#8211; Truth Connection<br \/>\n<a href=\"http:\/\/www.youtube.com\/watch?v=Soh9lXcXKgo\" target=\"_blank\" rel=\"noopener\"><img loading=\"lazy\" class=\"alignnone size-full wp-image-435\" src=\"https:\/\/joh-nrw.com\/blog\/wp-content\/uploads\/2014\/01\/hpfixseparat_1p_menubutton1.gif\" alt=\"hpfixseparat_1p_menubutton1\" width=\"180\" height=\"50\" \/><\/a><\/p>\n<p>Die Zeit der St\u00f6rche &#8211; Widerstand GG Art. 20 (4)<br \/>\n<a href=\"http:\/\/www.youtube.com\/watch?v=wKJWCsgI6II\" target=\"_blank\" rel=\"noopener\"><img loading=\"lazy\" class=\"alignnone size-full wp-image-435\" src=\"https:\/\/joh-nrw.com\/blog\/wp-content\/uploads\/2014\/01\/hpfixseparat_1p_menubutton1.gif\" alt=\"hpfixseparat_1p_menubutton1\" width=\"180\" height=\"50\" \/><\/a><\/p>\n<p>Polizeigewalt + Korruption + Rechtsbeugung &#8211; Udo Pohlmann<br \/>\n<a href=\"http:\/\/www.youtube.com\/watch?v=7moylB23jRo\" target=\"_blank\" rel=\"noopener\"><img loading=\"lazy\" class=\"alignnone size-full wp-image-435\" src=\"https:\/\/joh-nrw.com\/blog\/wp-content\/uploads\/2014\/01\/hpfixseparat_1p_menubutton1.gif\" alt=\"hpfixseparat_1p_menubutton1\" width=\"180\" height=\"50\" \/><\/a><\/p>\n<p>Polizeigewalt Rosenheim (Nachschlag der Justiz) &#8211; Udo Pohlmann<br \/>\n<a href=\"http:\/\/www.youtube.com\/watch?v=uPHxgwBZ-Sw\" target=\"_blank\" rel=\"noopener\"><img loading=\"lazy\" class=\"alignnone size-full wp-image-435\" src=\"https:\/\/joh-nrw.com\/blog\/wp-content\/uploads\/2014\/01\/hpfixseparat_1p_menubutton1.gif\" alt=\"hpfixseparat_1p_menubutton1\" width=\"180\" height=\"50\" \/><\/a><\/p>\n<p>POLIZEI GEWALT IN HAMBURG-Neuwiedenthal &#8211; 26.06.2010<br \/>\n<a href=\"http:\/\/www.youtube.com\/watch?v=4-3GNUq8Pts\" target=\"_blank\" rel=\"noopener\"><img loading=\"lazy\" class=\"alignnone size-full wp-image-435\" src=\"https:\/\/joh-nrw.com\/blog\/wp-content\/uploads\/2014\/01\/hpfixseparat_1p_menubutton1.gif\" alt=\"hpfixseparat_1p_menubutton1\" width=\"180\" height=\"50\" \/><\/a><\/p>\n<p>Pr\u00fcgelnde Polizisten&#8230; Gewalt ohne Folgen &#8211; ARD PANORAMA<br \/>\n<a href=\"http:\/\/www.youtube.com\/watch?v=dkx01ZnBvsU\" target=\"_blank\" rel=\"noopener\"><img loading=\"lazy\" class=\"alignnone size-full wp-image-435\" src=\"https:\/\/joh-nrw.com\/blog\/wp-content\/uploads\/2014\/01\/hpfixseparat_1p_menubutton1.gif\" alt=\"hpfixseparat_1p_menubutton1\" width=\"180\" height=\"50\" \/><\/a><\/p>\n<p>Stuttgart 21 Warum die Polizei wirklich so hart zuschlug &#8211; ARD Monitor<br \/>\n<a href=\"http:\/\/www.youtube.com\/watch?v=k_3cxOvNyHc\" target=\"_blank\" rel=\"noopener\"><img loading=\"lazy\" class=\"alignnone size-full wp-image-435\" src=\"https:\/\/joh-nrw.com\/blog\/wp-content\/uploads\/2014\/01\/hpfixseparat_1p_menubutton1.gif\" alt=\"hpfixseparat_1p_menubutton1\" width=\"180\" height=\"50\" \/><\/a><\/p>\n<p>Polizei-Brutalit\u00e4t: Achtung ! Extrem gewaltt\u00e4tig<br \/>\n<a href=\"http:\/\/www.youtube.com\/watch?v=nvYfZl0guvg\" target=\"_blank\" rel=\"noopener\"><img loading=\"lazy\" class=\"alignnone size-full wp-image-435\" src=\"https:\/\/joh-nrw.com\/blog\/wp-content\/uploads\/2014\/01\/hpfixseparat_1p_menubutton1.gif\" alt=\"hpfixseparat_1p_menubutton1\" width=\"180\" height=\"50\" \/><\/a><\/p>\n<p>Von Polizisten misshandelt &#8211; Der Fall Paul B.<br \/>\n<a href=\"http:\/\/www.youtube.com\/watch?v=otpasIohg1g\" target=\"_blank\" rel=\"noopener\"><img loading=\"lazy\" class=\"alignnone size-full wp-image-435\" src=\"https:\/\/joh-nrw.com\/blog\/wp-content\/uploads\/2014\/01\/hpfixseparat_1p_menubutton1.gif\" alt=\"hpfixseparat_1p_menubutton1\" width=\"180\" height=\"50\" \/><\/a><\/p>\n<p>Polizist zwingt betrunkene Frau zum Oralsex<br \/>\n<a href=\"http:\/\/www.bild.de\/regional\/hannover\/sexueller-missbrauch\/polizist-zwang-betrunkene-frau-zum-oral-sex-20898918.bild.html\" target=\"_blank\" rel=\"noopener\"><img loading=\"lazy\" class=\"alignnone size-full wp-image-435\" src=\"https:\/\/joh-nrw.com\/blog\/wp-content\/uploads\/2014\/01\/hpfixseparat_1p_menubutton1.gif\" alt=\"hpfixseparat_1p_menubutton1\" width=\"180\" height=\"50\" \/><\/a><\/p>\n<p>Schwerverletzte bei Blockupy-Demonstration<br \/>\n<a href=\"http:\/\/www.faz.net\/aktuell\/politik\/frankfurt-schwerverletzte-bei-blockupy-demonstration-12204307.html\" target=\"_blank\" rel=\"noopener\"><img loading=\"lazy\" class=\"alignnone size-full wp-image-435\" src=\"http:\/\/www.joh-nrw.com\/blog\/wp-content\/uploads\/2014\/01\/hpfixseparat_1p_menubutton1.gif\" alt=\"hpfixseparat_1p_menubutton1\" width=\"180\" height=\"50\" \/><\/a><br \/>\n<strong>Bitte unbedingt auch hier anklicken! Kriminalstaat<\/strong>\u00a0\u00a0<img loading=\"lazy\" class=\"alignnone size-full wp-image-404\" src=\"http:\/\/www.joh-nrw.com\/blog\/wp-content\/uploads\/2014\/01\/hpfixsme_19.gif\" alt=\"hpfixsme_19\" width=\"15\" height=\"15\" \/><br \/>\n<a href=\"http:\/\/www.kriminalstaat.de\" target=\"_blank\" rel=\"noopener\"><img loading=\"lazy\" class=\"alignnone size-full wp-image-435\" src=\"https:\/\/joh-nrw.com\/blog\/wp-content\/uploads\/2014\/01\/hpfixseparat_1p_menubutton1.gif\" alt=\"hpfixseparat_1p_menubutton1\" width=\"180\" height=\"50\" \/><\/a><br \/>\n<a href=\"http:\/\/ulrichkraft.wordpress.com\" target=\"_blank\" rel=\"noopener\"><img loading=\"lazy\" class=\"alignnone size-full wp-image-435\" src=\"https:\/\/joh-nrw.com\/blog\/wp-content\/uploads\/2014\/01\/hpfixseparat_1p_menubutton1.gif\" alt=\"hpfixseparat_1p_menubutton1\" width=\"180\" height=\"50\" \/><\/a><\/p>\n<p>Wegen 10 EUR verhaftet mit Handschellen abgef\u00fchrt! &#8211; Der Honigmann<br \/>\n<strong><a href=\"http:\/\/www.youtube.com\/watch?v=ILxng9pBG84&amp;feature=em-uploademail\" target=\"_blank\" rel=\"noopener\"><img loading=\"lazy\" class=\"alignnone size-full wp-image-435\" src=\"http:\/\/www.joh-nrw.com\/blog\/wp-content\/uploads\/2014\/01\/hpfixseparat_1p_menubutton1.gif\" alt=\"hpfixseparat_1p_menubutton1\" width=\"180\" height=\"50\" \/><\/a><\/strong><\/p>\n<p>Die Schweinereien m\u00fcssen \u00f6ffentlich gemacht werden! &#8211; WakeNews<br \/>\n<strong><a href=\"http:\/\/www.youtube.com\/watch?feature=player_embedded&amp;v=Dkiyp6pfp80\" target=\"_blank\" rel=\"noopener\"><img loading=\"lazy\" class=\"alignnone size-full wp-image-435\" src=\"http:\/\/www.joh-nrw.com\/blog\/wp-content\/uploads\/2014\/01\/hpfixseparat_1p_menubutton1.gif\" alt=\"hpfixseparat_1p_menubutton1\" width=\"180\" height=\"50\" \/><\/a><\/strong><\/p>\n<p>POLIZEIGEWALT IST IN DER BRD ZUR NORMALIT\u00c4T GEWORDEN !<br \/>\n<strong><a href=\"https:\/\/www.facebook.com\/photo.php?v=657737534275979&amp;set=vb.100001192146899&amp;type=2&amp;theater\" target=\"_blank\" rel=\"noopener\"><img loading=\"lazy\" class=\"alignnone size-full wp-image-435\" src=\"http:\/\/www.joh-nrw.com\/blog\/wp-content\/uploads\/2014\/01\/hpfixseparat_1p_menubutton1.gif\" alt=\"hpfixseparat_1p_menubutton1\" width=\"180\" height=\"50\" \/><\/a><\/strong><\/p>\n<p><strong>\u00a0<\/strong>Brutaler Polizei\u00fcbergriff, 5. Juli 2014, Berlin Kreuzberg (G\u00f6rlitzer Park)<\/p>\n<div style=\"width: 576px;\" class=\"wp-video\"><!--[if lt IE 9]><script>document.createElement('video');<\/script><![endif]-->\n<video class=\"wp-video-shortcode\" id=\"video-60-1\" width=\"576\" height=\"324\" preload=\"metadata\" controls=\"controls\"><source type=\"video\/mp4\" src=\"http:\/\/www.joh-nrw.com\/blog\/wp-content\/uploads\/2014\/01\/Brutaler-Polizei\u00fcbergriff-5.-Juli-2014-Berlin-Kreuzberg-G\u00f6rlitzer-Park.mp4?_=1\" \/><a href=\"http:\/\/www.joh-nrw.com\/blog\/wp-content\/uploads\/2014\/01\/Brutaler-Polizei\u00fcbergriff-5.-Juli-2014-Berlin-Kreuzberg-G\u00f6rlitzer-Park.mp4\">http:\/\/www.joh-nrw.com\/blog\/wp-content\/uploads\/2014\/01\/Brutaler-Polizei\u00fcbergriff-5.-Juli-2014-Berlin-Kreuzberg-G\u00f6rlitzer-Park.mp4<\/a><\/video><\/div>\n<p>&nbsp;<\/p>\n<p><a href=\"http:\/\/www.joh-nrw.com\/blog\/wp-content\/uploads\/2014\/01\/hpfixseparat_1weg_frei_.jpg\" target=\"_blank\" rel=\"noopener\"><img loading=\"lazy\" class=\"alignnone size-full wp-image-415\" src=\"http:\/\/www.joh-nrw.com\/blog\/wp-content\/uploads\/2014\/01\/hpfixseparat_1weg_frei_.jpg\" alt=\"hpfixseparat_1weg_frei_\" width=\"340\" height=\"252\" srcset=\"https:\/\/joh-nrw.com\/blog\/wp-content\/uploads\/2014\/01\/hpfixseparat_1weg_frei_.jpg 340w, https:\/\/joh-nrw.com\/blog\/wp-content\/uploads\/2014\/01\/hpfixseparat_1weg_frei_-300x222.jpg 300w\" sizes=\"(max-width: 340px) 100vw, 340px\" \/><\/a><\/p>\n<p>&nbsp;<\/p>\n","protected":false},"excerpt":{"rendered":"<p>Beispiele zum\/zur BRD-Terrorismus &amp; Polizeigewalt! Die Menschenrechtsverteidiger der Justiz-Opfer-Hilfe Deutschland Unglaubliche BRD-Polizeigewalt &#8211; WakeNews Polizeigewalt gegen Sandra B. &#8211; Truth Connection Die Zeit der St\u00f6rche &#8211; Widerstand GG Art. 20 (4) Polizeigewalt + Korruption + Rechtsbeugung &#8211; Udo Pohlmann Polizeigewalt Rosenheim (Nachschlag der Justiz) &#8211; Udo Pohlmann POLIZEI GEWALT IN HAMBURG-Neuwiedenthal &#8211; 26.06.2010 Pr\u00fcgelnde Polizisten&#8230; Gewalt ohne Folgen &#8211; ARD PANORAMA Stuttgart 21 Warum die Polizei wirklich so hart zuschlug &#8211; ARD Monitor Polizei-Brutalit\u00e4t: Achtung ! Extrem gewaltt\u00e4tig Von Polizisten misshandelt &#8211; Der Fall Paul B. Polizist zwingt betrunkene Frau zum Oralsex Schwerverletzte bei Blockupy-Demonstration Bitte unbedingt auch hier anklicken! Kriminalstaat\u00a0\u00a0 Wegen 10 EUR verhaftet mit Handschellen abgef\u00fchrt! &#8211; Der Honigmann Die Schweinereien m\u00fcssen \u00f6ffentlich gemacht werden! &#8211; WakeNews POLIZEIGEWALT IST IN DER BRD ZUR NORMALIT\u00c4T GEWORDEN ! \u00a0Brutaler Polizei\u00fcbergriff, 5. Juli 2014, Berlin Kreuzberg (G\u00f6rlitzer Park) &nbsp; &nbsp;<\/p>\n","protected":false},"author":1,"featured_media":0,"parent":0,"menu_order":0,"comment_status":"closed","ping_status":"closed","template":"","meta":{"_links_to":"","_links_to_target":""},"_links":{"self":[{"href":"https:\/\/joh-nrw.com\/blog\/wp-json\/wp\/v2\/pages\/60"}],"collection":[{"href":"https:\/\/joh-nrw.com\/blog\/wp-json\/wp\/v2\/pages"}],"about":[{"href":"https:\/\/joh-nrw.com\/blog\/wp-json\/wp\/v2\/types\/page"}],"author":[{"embeddable":true,"href":"https:\/\/joh-nrw.com\/blog\/wp-json\/wp\/v2\/users\/1"}],"replies":[{"embeddable":true,"href":"https:\/\/joh-nrw.com\/blog\/wp-json\/wp\/v2\/comments?post=60"}],"version-history":[{"count":13,"href":"https:\/\/joh-nrw.com\/blog\/wp-json\/wp\/v2\/pages\/60\/revisions"}],"predecessor-version":[{"id":3992,"href":"https:\/\/joh-nrw.com\/blog\/wp-json\/wp\/v2\/pages\/60\/revisions\/3992"}],"wp:attachment":[{"href":"https:\/\/joh-nrw.com\/blog\/wp-json\/wp\/v2\/media?parent=60"}],"curies":[{"name":"wp","href":"https:\/\/api.w.org\/{rel}","templated":true}]}}