{"id":68,"date":"2014-01-29T15:01:11","date_gmt":"2014-01-29T14:01:11","guid":{"rendered":"http:\/\/joh-nrw.com\/blog\/?page_id=68"},"modified":"2018-03-25T15:23:05","modified_gmt":"2018-03-25T13:23:05","slug":"steuergesetze","status":"publish","type":"page","link":"https:\/\/joh-nrw.com\/blog\/steuergesetze","title":{"rendered":"Steuergesetze"},"content":{"rendered":"<div align=\"center\"><a href=\"http:\/\/www.joh-nrw.com\/blog\/wp-content\/uploads\/2014\/01\/2banner2013_1.jpg\" target=\"_blank\"><img loading=\"lazy\" class=\"alignnone size-full wp-image-429\" alt=\"2banner2013_1\" src=\"http:\/\/www.joh-nrw.com\/blog\/wp-content\/uploads\/2014\/01\/2banner2013_1.jpg\" width=\"822\" height=\"82\" srcset=\"https:\/\/joh-nrw.com\/blog\/wp-content\/uploads\/2014\/01\/2banner2013_1.jpg 822w, https:\/\/joh-nrw.com\/blog\/wp-content\/uploads\/2014\/01\/2banner2013_1-300x29.jpg 300w, https:\/\/joh-nrw.com\/blog\/wp-content\/uploads\/2014\/01\/2banner2013_1-500x49.jpg 500w\" sizes=\"(max-width: 822px) 100vw, 822px\" \/><\/a>\n<\/div>\n<p align=\"center\"><a href=\"http:\/\/www.joh-nrw.com\/blog\/wp-content\/uploads\/2014\/01\/hpfixseparat_1steuerpflicht2013_1.jpg\" target=\"_blank\"><img loading=\"lazy\" class=\"alignnone size-full wp-image-631\" alt=\"hpfixseparat_1steuerpflicht2013_1\" src=\"http:\/\/www.joh-nrw.com\/blog\/wp-content\/uploads\/2014\/01\/hpfixseparat_1steuerpflicht2013_1.jpg\" width=\"547\" height=\"415\" srcset=\"https:\/\/joh-nrw.com\/blog\/wp-content\/uploads\/2014\/01\/hpfixseparat_1steuerpflicht2013_1.jpg 547w, https:\/\/joh-nrw.com\/blog\/wp-content\/uploads\/2014\/01\/hpfixseparat_1steuerpflicht2013_1-300x227.jpg 300w, https:\/\/joh-nrw.com\/blog\/wp-content\/uploads\/2014\/01\/hpfixseparat_1steuerpflicht2013_1-395x300.jpg 395w\" sizes=\"(max-width: 547px) 100vw, 547px\" \/><\/a><\/p>\n<p align=\"center\">Es gibt in der BRD GmbH keine g\u00fcltige Steuergesetzgebung die einen B\u00fcrger des Staates Deutschland verpflichten w\u00fcrde Steuern an die BRD GmbH leisten\/zahlen zu m\u00fcssen.<\/p>\n<p align=\"left\">Mit Urteil (BVerfGE 55, 274\/301) aus 1955 hat das Bundesverfassungsgericht\u00a0 festgestellt, dass es in der \u201cBundesrepublik Deutschland\u201c keine Steuerpflicht gibt.<br \/>\n<a href=\"https:\/\/joh-nrw.com\/pdf\/US.pdf\" target=\"_blank\"><img loading=\"lazy\" class=\"alignnone size-full wp-image-435\" alt=\"hpfixseparat_1p_menubutton1\" src=\"http:\/\/www.joh-nrw.com\/blog\/wp-content\/uploads\/2014\/01\/hpfixseparat_1p_menubutton1.gif\" width=\"180\" height=\"50\" \/><\/a>\u00a0\u00a0 <img loading=\"lazy\" class=\"alignnone size-full wp-image-404\" alt=\"hpfixsme_19\" src=\"http:\/\/www.joh-nrw.com\/blog\/wp-content\/uploads\/2014\/01\/hpfixsme_19.gif\" width=\"15\" height=\"15\" \/><\/p>\n<p align=\"left\">Die Gesetze der BRD GmbH sind nicht amtlich und somit nichtig.<br \/>\n<a href=\"https:\/\/joh-nrw.com\/pdf\/WidF-T2.pdf\" target=\"_blank\"><img loading=\"lazy\" class=\"alignnone size-full wp-image-435\" alt=\"hpfixseparat_1p_menubutton1\" src=\"http:\/\/www.joh-nrw.com\/blog\/wp-content\/uploads\/2014\/01\/hpfixseparat_1p_menubutton1.gif\" width=\"180\" height=\"50\" \/><\/a>\u00a0\u00a0<img loading=\"lazy\" class=\"alignnone size-full wp-image-404\" alt=\"hpfixsme_19\" src=\"http:\/\/www.joh-nrw.com\/blog\/wp-content\/uploads\/2014\/01\/hpfixsme_19.gif\" width=\"15\" height=\"15\" \/><\/p>\n<p>Das Steuergesetz der BRD ist ung\u00fcltig.!<br \/>\n<a href=\"https:\/\/joh-nrw.com\/daten\/Steuergesetze.zip\" target=\"_blank\"><img loading=\"lazy\" class=\"alignnone size-full wp-image-435\" alt=\"hpfixseparat_1p_menubutton1\" src=\"http:\/\/www.joh-nrw.com\/blog\/wp-content\/uploads\/2014\/01\/hpfixseparat_1p_menubutton1.gif\" width=\"180\" height=\"50\" \/><\/a>\u00a0\u00a0\u00a0<img loading=\"lazy\" class=\"alignnone size-full wp-image-404\" alt=\"hpfixsme_19\" src=\"http:\/\/www.joh-nrw.com\/blog\/wp-content\/uploads\/2014\/01\/hpfixsme_19.gif\" width=\"15\" height=\"15\" \/><\/p>\n<p>BRD&#8230; Staat ? oder Firma ?\u00a0\u00a0\u00a0<img loading=\"lazy\" class=\"alignnone size-full wp-image-406\" alt=\"hpfixsme_57\" src=\"http:\/\/www.joh-nrw.com\/blog\/wp-content\/uploads\/2014\/01\/hpfixsme_57.gif\" width=\"25\" height=\"29\" \/><br \/>\n<a href=\"https:\/\/joh-nrw.com\/pdf\/BBU.pdf\" target=\"_blank\"><img loading=\"lazy\" class=\"alignnone size-full wp-image-435\" alt=\"hpfixseparat_1p_menubutton1\" src=\"http:\/\/www.joh-nrw.com\/blog\/wp-content\/uploads\/2014\/01\/hpfixseparat_1p_menubutton1.gif\" width=\"180\" height=\"50\" \/><\/a><\/p>\n<p>Die Bundesrepublik in Deutschland ist kein Staat !<br \/>\n<a href=\"https:\/\/joh-nrw.com\/pdf\/JOH-Aktuell-06-2013.pdf\" target=\"_blank\"><img loading=\"lazy\" class=\"alignnone size-full wp-image-435\" alt=\"hpfixseparat_1p_menubutton1\" src=\"http:\/\/www.joh-nrw.com\/blog\/wp-content\/uploads\/2014\/01\/hpfixseparat_1p_menubutton1.gif\" width=\"180\" height=\"50\" \/><\/a>\u00a0\u00a0<img loading=\"lazy\" class=\"alignnone size-full wp-image-404\" alt=\"hpfixsme_19\" src=\"http:\/\/www.joh-nrw.com\/blog\/wp-content\/uploads\/2014\/01\/hpfixsme_19.gif\" width=\"15\" height=\"15\" \/><br \/>\nEs gibt\u00a0keine Steuerpflicht f\u00fcr Staatsb\u00fcrger des Staates Deutsches Reich !\u00a0\u00a0\u00a0<img loading=\"lazy\" class=\"alignnone size-full wp-image-404\" alt=\"hpfixsme_19\" src=\"http:\/\/www.joh-nrw.com\/blog\/wp-content\/uploads\/2014\/01\/hpfixsme_19.gif\" width=\"15\" height=\"15\" \/><br \/>\n<a href=\"https:\/\/joh-nrw.com\/pdf\/Steuerfrei.pdf\" target=\"_blank\"><img loading=\"lazy\" class=\"alignnone size-full wp-image-435\" alt=\"hpfixseparat_1p_menubutton1\" src=\"http:\/\/www.joh-nrw.com\/blog\/wp-content\/uploads\/2014\/01\/hpfixseparat_1p_menubutton1.gif\" width=\"180\" height=\"50\" \/><\/a><br \/>\nWillenserkl\u00e4rung und Urkunde!\u00a0\u00a0\u00a0<img loading=\"lazy\" class=\"alignnone size-full wp-image-404\" alt=\"hpfixsme_19\" src=\"http:\/\/www.joh-nrw.com\/blog\/wp-content\/uploads\/2014\/01\/hpfixsme_19.gif\" width=\"15\" height=\"15\" \/><br \/>\n<a href=\"https:\/\/joh-nrw.com\/pdf\/WEM.pdf\" target=\"_blank\"><img loading=\"lazy\" class=\"alignnone size-full wp-image-435\" alt=\"hpfixseparat_1p_menubutton1\" src=\"http:\/\/www.joh-nrw.com\/blog\/wp-content\/uploads\/2014\/01\/hpfixseparat_1p_menubutton1.gif\" width=\"180\" height=\"50\" \/><\/a><br \/>\n<strong><br \/>\nGeh Denken!<\/strong><\/p>\n<p>&#8222;<strong>Staatliche Abzocke<\/strong>&#8220;<\/p>\n<p>Ein Gehaltsempf\u00e4nger bekommt seine monatliche Abrechnung und stellt fest, dass er 2000 Euro netto erh\u00e4lt.<br \/>\nDann interessiert ihn noch der Bruttobetrag, das sind in seiner Steuerklasse 1 somit 3.614,24 Euro.<br \/>\nAlso folgert der Gehaltsempf\u00e4nger, der Staat kassiert von dem, was ich verdiene 1.614,24 Euro.<\/p>\n<p>Aber entspricht das denn der Wahrheit?<\/p>\n<p>Weit gefehlt, denn weitere 822,89 Euro muss der Arbeitgeber an den Staat abf\u00fchren, als seinen Anteil an Renten-, Kranken-, Pflege- und Arbeitslosenversicherung zzgl. Berufsgenossenschaft und Umlagen.<\/p>\n<p>Das bedeutet:<\/p>\n<p>Der Arbeitgeber muss erst mal 4.437,13 Euro aus seinem Betrieb entnehmen, damit er seinen Angestellten ein Nettogehalt von 2.000 Euro \u00fcberweisen kann. Und diese Summe an Abgaben erh\u00f6t sich noch, wenn Urlaubs-, Weihnachts- oder Mutterschaftsgeld und Lohnfortzahlung dazu kommt.<\/p>\n<p>Aber was passiert nun mit den 2.000 Euro, die der Angestellte auf sein Konto \u00fcberwiesen bekommt?<\/p>\n<p>Er bezahlt Kontogeb\u00fchren.<\/p>\n<p>Er konsumiert und zahlt schon wieder direkte oder indirekte Steuern, Abgaben oder Beitr\u00e4ge, Produkte und Leistungen. Mehrwertsteuer derzeit 19%, bzw. f\u00fcr Grundnahrungsmittel 7%. Er geht z. B. mit seinen Kollegen in ein Lokal und bezahlt Getr\u00e4nke, Alkohol, Tabak- und Vergn\u00fcgungssteuern. Er geht nat\u00fcrlich nicht zu Fu\u00df, sondern benutzt ein Fahrzeug und bezahlt daf\u00fcr Mineral\u00f6lsteuer, \u00d6kosteuer, Kfz-Steuern.<\/p>\n<p>Er versichert sich und seine Lieben und bezahlt daf\u00fcr auch noch Versicherungssteuern. Einmal in der Woche fordert er das Gl\u00fcck heraus und spielt Lotto, Toto und bezahlt auch daf\u00fcr Steuern. Er ist tierlieb und bezahlt daf\u00fcr z. B. Hundesteuern. Er schaut Sport und h\u00f6rt Radio und bezahlt daf\u00fcr Rundfunkgeb\u00fchren, auch wenn er die \u00d6ffentlich-Rechtlichen gar nicht sieht oder h\u00f6rt.<\/p>\n<p>Er hat Eigentum geerbt (bei seinem Gehalt h\u00e4tte er selbst kein Haus bauen k\u00f6nnen) und bezahlt Grundsteuern.<br \/>\nDer Schornsteinfeger kommt, obwohl er den Kamin nicht mal benutzt hat und mu\u00df nun Schornsteinfegergeb\u00fchren bezahlen. Er verlegt z. B. Pflastersteine im Hofbereich um trockenden Fu\u00dfes ins Haus zu gelangen und mu\u00df nun auch noch h\u00f6here Abwassergeb\u00fchren (Regenwasser) bezahlen.<\/p>\n<p>Aus \u00c4rger \u00fcber diese staatliche Abzocke, die vergifteten Lebensmittel und die t\u00e4glichen Chemtrails am Himmel wird er schwer krank und nun mu\u00df er auch noch Geb\u00fchren (Zuzahlungen) an das Krankenhaus abf\u00fchren.<\/p>\n<p>Da das Krakenhaus sparen mu\u00df, bezieht man dort ausschlie\u00dflich Medikamente die nahe am Verfallsdatum oder auch schon mal dar\u00fcber liegen. Damit ist zwar die Wirkung der Medikamente nicht mehr gew\u00e4hrleistet, aber das Krankenhaus mu\u00df halt sparen. Aufgrund dieser &#8222;verreckten&#8220; Medikamente stirbt nun unser Angestellter und auch jetzt nach seinem Tod fallen noch Geb\u00fchren an.<\/p>\n<p>Der Staat erhebt nun Erbschaftssteuern, obgleich dieses Erbe (dieser Besitz) schon mehrfach versteuert worden ist.<\/p>\n<p>WARUM LASSEN WIR ALS STAATSB\u00dcRGER UNS EIGENTLICH AUCH WEITERHIN VON DER OMF-BRD GmbH AUSPRESSEN???<br \/>\n::::::::::::::::::::::::::::::::::::::::::::::::::::::::::::::::::::::::::::::::::::::::::::::::::<\/p>\n<p>Und womit werden die Unternehmer auch weiterhin gequ\u00e4lt?<br \/>\n::::::::::::::::::::::::::::::::::::::::::::::::::::::::::::::::::::::::::::::::::::::<br \/>\nGewerbesteuer, Konkursausfallgeld, Schwerbehindertenabgabe, Kammerbeitr\u00e4ge, Berufsgenossenschaftsbeitr\u00e4ge,<br \/>\nArbeitsmedizinische Betreuung, T\u00dcV, UVV, Sicherheitsbeauftragter, Weiterbildungskosten, GEMA-Geb\u00fchren,<br \/>\nRundfunkgeb\u00fchren bei Internetzugang, Lohnfortzahlungen, Gleichstellungsbeauftragte, usw., usw., usw.<\/p>\n<p>Schon vor \u00fcber 3000 Jahren hatte man f\u00fcr derart abh\u00e4ngige und ausgebeutete Menschen einen Begriff;<\/p>\n<p>&#8222;Staatsslaven&#8220;.<\/p>\n<p><strong>Erg\u00e4nzend zwei Bemerkungen:<\/strong><\/p>\n<p>1. Die zum Kassieren der Steuer zust\u00e4ndige \u00f6ffentliche Hand (= Fiskus) tut so, als w\u00fcrden vom Angestelltengehalt keine Sozialversicherungsbetr\u00e4ge bezahlt -und kassiert die Lohnsteuer vom Bruttobetrag ab.<\/p>\n<p>Und die zum Kassieren der Sozialversicherungsbetr\u00e4ge zust\u00e4ndige \u00f6ffentliche Hand (= Deutsche Rentenversicherung, \u00f6ffentlich-rechtliche Krankenkassen, Deutsche Arbeitslosenversicherung) tut so, als w\u00fcrden vom Angestelltengehalt keine Steuern bezahlt -und kassiert die Arbeitnehmer- Renten-, Kranken-, Pflege- und Arbeitslosenversicherungsbetr\u00e4ge\u00a0 ebenfalls vom Bruttobetrag (mit progressiv ansteigender Folge) ab.<\/p>\n<p>2. Tolles Ergebnis f\u00fcr die Staatsdiener:<\/p>\n<p>Beamte, die von der Zahlung von Sozialversicherungsbeitr\u00e4gen befreit sind, m\u00fcssen dadurch -bei gleicher Nettoauszahlung- fast die H\u00e4lfte weniger Lohnsteuer bezahlen! (&#8222;Daf\u00fcr ein besonderes Vergelt`s Gott an die Parteifraktionen und an die zur Gesetzesformulierung unabk\u00f6mmlichen, f\u00fcr sich und ihren Stand extrem selbstlos t\u00e4tigen Damen und Herren beamteten Staatssekret\u00e4re, Ministerialdirektoren, Ministerialdirigenten und Ministerialr\u00e4te: Man wei\u00df Bescheid und kennt sich; die Zahl der Gesetze<\/p>\n<p>-v.a. von ungenauen- ist direkt proportional zur Zahl der Beamten- und Richterstellen&#8220;).<\/p>\n<p>Von Herrn Gabriel oder Herrn Bsirske h\u00f6rt man dazu keine Silbe.<\/p>\n<p>Das deutsche Volk schl\u00e4ft. Bleiben wir kritisch&#8230;<\/p>\n<p><strong>Anmekung<\/strong> von<br \/>\nRainer J. Gast<br \/>\n77694 Kehl<\/p>\n<p><a href=\"http:\/\/www.joh-nrw.com\/blog\/wp-content\/uploads\/2014\/01\/hpfixseparat_brutto_netto.jpg\" target=\"_blank\"><img loading=\"lazy\" class=\"alignnone size-full wp-image-690\" alt=\"hpfixseparat_brutto_netto\" src=\"http:\/\/www.joh-nrw.com\/blog\/wp-content\/uploads\/2014\/01\/hpfixseparat_brutto_netto.jpg\" width=\"150\" height=\"193\" \/><\/a><\/p>\n<p><strong>Steuern in der BRD sind verfassungswidrig !<br \/>\n<\/strong>Die AO \u00a7 2 macht es m\u00f6glich, die Grundrechte auch, Geld f\u00fcr das Finanzamt gibt es nicht mehr.<\/p>\n<p>15.12.2007 09:45:06 &#8211; Lange Gesichter bei Steuerzahlern. Es gibt n\u00e4mlich keine Steuern &#8211; Wieso wurde jahrzehntelang der Betrug von Beh\u00f6rden an Steuerzahler verschleiert und wieso berichtet die bundesdeutsche Presse nicht gro\u00df dar\u00fcber?<\/p>\n<p>(live-PR.com) &#8211;<\/p>\n<p>Die Abgabenordnung \u00a7 2 macht es jedem Steuerzahler m\u00f6glich, keine Steuern mehr zu bezahlen. Denn V\u00f6lkerrecht geht nun mal vor. So steht es auch in der Ordnung, die f\u00fcr eben das Bezahlen f\u00fcr Steuern zust\u00e4ndig ist.<\/p>\n<p>Interessant ist jedoch, die UN Resolution 217 A (III) vom 10. Dezember 1948, die auch die Allgemeine Erkl\u00e4rung der Menschenrecht ist, sieht f\u00fcr die Bundesrepublik Deutschland in den einzelnen Artikeln gar keine Steuern vor &#8211; sondern vielmehr das alles-umsonst-Land. Sei es Kunst, Kultur, Wissenschaft in Artikel 27 Absatz 1 oder Wohnung, Kleidung, Gesundheit und Wohl &#8211; alles mu\u00df laut Artikel 25 Absatz 1 jedem zur Verf\u00fcgung gestellt werden. Und das Menschenrecht ist auch ein Grundrecht in der Bundesrepublik Deutschland laut Artikel 1 Grundgesetz (GG) Absatz 2 und das V\u00f6lkerrecht geht nun mal vor &#8211; laut Artikel 25 GG.<\/p>\n<p>Artikel 19 GG Absatz 1 und 2 schreiben vor, hat ein Gesetz ein Grundrecht, da\u00df es einschr\u00e4nkt, nicht genau erw\u00e4hnt, ist das Gesetz verfassungswidrig. Zwar listet die Abgabenordnung am Ende der Paragraphen eine Einschr\u00e4nkung auf und nicht hinter jedem einzelnen Paragraphen, wie es das Bundesverfassungsgericht nun mal genau vorschreibt. Selbst wenn man dar\u00fcber hinwegschaut, Artikel 14 GG Absatz 1 Eigentum &#8211; also Geld &#8211; ist nicht extra eingeschr\u00e4nkt worden.<\/p>\n<p>Also wenn es nicht um das Geld geht, soll man dann mit Erbsen Steuern bezahlen? Mitnichten, die Abgabenordnung, die die Steuerabgaben regelt, konnte das Geld, also Artikel 14 GG nicht einschr\u00e4nken, weil es diesbez\u00fcglich ein Grundsatzurteil gibt, da\u00df man nun mal Geld an Beh\u00f6rden nicht abgeben darf, denn somit ist das Grundrecht des Eigentum nicht gewahrt.<\/p>\n<p>Diese Begr\u00fcndung ist im Urteil 1 BvR 1022\/78 des Bundesverfassungsgerichtes vom 13. November 1979 zu finden. Um Staatsverschuldung mu\u00df sich die BRD auch keine Sorgen machen, auch darum hat sich das Bundesverfassungsgericht schon gek\u00fcmmert. Der Staat darf keine Angst vor Staatsverschuldung vorschieben, nur weil er Geld an Personen zur\u00fcckzahlen mu\u00df, so hei\u00dft es gesammelt zu 2 BvM 1\/03, 2 BvM 2\/03, 2 BvM 3\/03, 2 BvM 4\/03, 2 BvM 5\/03, 2 BvM 1\/06, 2 BvM 2\/06. Das V\u00f6lkerrecht verpflichtet also zur Zur\u00fcckzahlung der Steuern an die B\u00fcrger, der Staat kann einfach Geld drucken.<\/p>\n<p>Wieso seit Jahren die Finanz\u00e4mter, viele Steuerberater, Finanzgerichte und der Bundesfinanzhof die Steuerzahler betr\u00fcgen, ist unklar. Ob sich einige Geheimniskr\u00e4mer lieber im stillen K\u00e4mmerlein freuen ist m\u00f6glich, aber da\u00df es noch immer Einkommen- oder Lohnsteuer gibt, ist ein Unding, zeigt es doch die Inkompetenz in der Lohnbuchabteilung und bei den Steuerberatern. Die Abgabenordnung hat so viele Grundrechte am Ende erw\u00e4hnt, nur eben das wichtigste nicht, die Wegnahme des Geldes. Das hei\u00dft Steuern sind null und nichtig und die Finanz\u00e4mter sind verpflichtet, alle Steuern zur\u00fcckzuzahlen. Doch die wehren sich wohl vehement, haben diese doch Angst wegen Straftaten gegen das V\u00f6lkerrecht f\u00fcr mehrere Jahre hinter Gittern zu kommen.<\/p>\n<p>Wie \u00fcberhaupt der Kostenapparat Finanzamt und Steuerberater zustande kam, ist unklar. Weder V\u00f6lkerrecht, noch Menschenrecht noch das Grundgesetz, alles Gesetzesbestandteile seit 1949 sehen Steuern vor &#8211; noch nicht einmal das Gesetz zur Abgabe von Steuern. &#8211; Artikel zur freien Verbreitung bei Nennung der Autorin Conny Cr\u00e4mer.<\/p>\n<p>Das Finanzamt und die Steuergesetze<br \/>\n<a href=\"http:\/\/www.vorsicht-finanzamt.de\/\" target=\"_blank\"><img loading=\"lazy\" class=\"alignnone size-full wp-image-435\" alt=\"hpfixseparat_1p_menubutton1\" src=\"http:\/\/www.joh-nrw.com\/blog\/wp-content\/uploads\/2014\/01\/hpfixseparat_1p_menubutton1.gif\" width=\"180\" height=\"50\" \/><\/a><\/p>\n<p>Aufruf an alle Finanzbeamte!<br \/>\n<a href=\"http:\/\/www.youtube.com\/watch?v=1OL4yxrGfxw&amp;feature=player_embedded\" target=\"_blank\"><img loading=\"lazy\" class=\"alignnone size-full wp-image-435\" alt=\"hpfixseparat_1p_menubutton1\" src=\"http:\/\/www.joh-nrw.com\/blog\/wp-content\/uploads\/2014\/01\/hpfixseparat_1p_menubutton1.gif\" width=\"180\" height=\"50\" \/><\/a><\/p>\n<p>DAMIT BESTEHT KEINE STEUERPFLICHT MEHR!<br \/>\n<a href=\"http:\/\/staatenlos.info\/index.php\/steuerrecht\" target=\"_blank\"><img loading=\"lazy\" class=\"alignnone size-full wp-image-435\" alt=\"hpfixseparat_1p_menubutton1\" src=\"http:\/\/www.joh-nrw.com\/blog\/wp-content\/uploads\/2014\/01\/hpfixseparat_1p_menubutton1.gif\" width=\"180\" height=\"50\" \/><\/a><\/p>\n<p>Grundrechteverletzung durch die Steuerpflicht!<br \/>\n<a href=\"http:\/\/staatenlos.info\/index.php\/2012-10-06-17-00-27\" target=\"_blank\"><img loading=\"lazy\" class=\"alignnone size-full wp-image-435\" alt=\"hpfixseparat_1p_menubutton1\" src=\"http:\/\/www.joh-nrw.com\/blog\/wp-content\/uploads\/2014\/01\/hpfixseparat_1p_menubutton1.gif\" width=\"180\" height=\"50\" \/><\/a><\/p>\n<p>Es besteht keine Steuerpflicht gegen\u00fcber der Firma-BRD.!<br \/>\n<a href=\"http:\/\/www.joh-nrw.com\/pdf\/Firma-BRD.pdf\" target=\"_blank\"><img loading=\"lazy\" class=\"alignnone size-full wp-image-435\" alt=\"hpfixseparat_1p_menubutton1\" src=\"http:\/\/www.joh-nrw.com\/blog\/wp-content\/uploads\/2014\/01\/hpfixseparat_1p_menubutton1.gif\" width=\"180\" height=\"50\" \/><\/a><\/p>\n<p>Steuerboykott!<br \/>\n<span style=\"font-size: 12px;\"><a href=\"http:\/\/www.wissensmanufaktur.net\/media\/pdf\/steuerboykott.pdf\" target=\"_blank\"><img loading=\"lazy\" class=\"alignnone size-full wp-image-435\" alt=\"hpfixseparat_1p_menubutton1\" src=\"http:\/\/www.joh-nrw.com\/blog\/wp-content\/uploads\/2014\/01\/hpfixseparat_1p_menubutton1.gif\" width=\"180\" height=\"50\" \/><\/a> <\/span><strong><br \/>\n<\/strong><\/p>\n<p>&nbsp;<\/p>\n<p>&nbsp;<\/p>\n<p><a href=\"http:\/\/www.joh-nrw.com\/blog\/wp-content\/uploads\/2014\/01\/hpfixseparat_1weg_frei_.jpg\" target=\"_blank\"><img loading=\"lazy\" class=\"alignnone size-full wp-image-415\" alt=\"hpfixseparat_1weg_frei_\" src=\"http:\/\/www.joh-nrw.com\/blog\/wp-content\/uploads\/2014\/01\/hpfixseparat_1weg_frei_.jpg\" width=\"340\" height=\"252\" srcset=\"https:\/\/joh-nrw.com\/blog\/wp-content\/uploads\/2014\/01\/hpfixseparat_1weg_frei_.jpg 340w, https:\/\/joh-nrw.com\/blog\/wp-content\/uploads\/2014\/01\/hpfixseparat_1weg_frei_-300x222.jpg 300w\" sizes=\"(max-width: 340px) 100vw, 340px\" \/><\/a><\/p>\n","protected":false},"excerpt":{"rendered":"<p>Es gibt in der BRD GmbH keine g\u00fcltige Steuergesetzgebung die einen B\u00fcrger des Staates Deutschland verpflichten w\u00fcrde Steuern an die BRD GmbH leisten\/zahlen zu m\u00fcssen. Mit Urteil (BVerfGE 55, 274\/301) aus 1955 hat das Bundesverfassungsgericht\u00a0 festgestellt, dass es in der \u201cBundesrepublik Deutschland\u201c keine Steuerpflicht gibt. \u00a0\u00a0 Die Gesetze der BRD GmbH sind nicht amtlich und somit nichtig. \u00a0\u00a0 Das Steuergesetz der BRD ist ung\u00fcltig.! \u00a0\u00a0\u00a0 BRD&#8230; Staat ? oder Firma ?\u00a0\u00a0\u00a0 Die Bundesrepublik in Deutschland ist kein Staat ! \u00a0\u00a0 Es gibt\u00a0keine Steuerpflicht f\u00fcr Staatsb\u00fcrger des Staates Deutsches Reich !\u00a0\u00a0\u00a0 Willenserkl\u00e4rung und Urkunde!\u00a0\u00a0\u00a0 Geh Denken! &#8222;Staatliche Abzocke&#8220; Ein Gehaltsempf\u00e4nger bekommt seine monatliche Abrechnung und stellt fest, dass er 2000 Euro netto erh\u00e4lt. Dann interessiert ihn noch der Bruttobetrag, das sind in seiner Steuerklasse 1 somit 3.614,24 Euro. Also folgert der Gehaltsempf\u00e4nger, der Staat kassiert von dem, was ich verdiene 1.614,24 Euro. Aber entspricht das denn der Wahrheit? Weit gefehlt, denn weitere 822,89 Euro muss der Arbeitgeber an den Staat abf\u00fchren, als seinen Anteil an Renten-, Kranken-, Pflege- und Arbeitslosenversicherung zzgl. Berufsgenossenschaft und Umlagen. Das bedeutet: Der Arbeitgeber muss erst mal 4.437,13 Euro aus seinem Betrieb entnehmen, damit er seinen Angestellten ein Nettogehalt von 2.000 Euro \u00fcberweisen kann. Und diese Summe [&hellip;]<\/p>\n","protected":false},"author":1,"featured_media":0,"parent":0,"menu_order":0,"comment_status":"closed","ping_status":"closed","template":"","meta":{"_links_to":"","_links_to_target":""},"_links":{"self":[{"href":"https:\/\/joh-nrw.com\/blog\/wp-json\/wp\/v2\/pages\/68"}],"collection":[{"href":"https:\/\/joh-nrw.com\/blog\/wp-json\/wp\/v2\/pages"}],"about":[{"href":"https:\/\/joh-nrw.com\/blog\/wp-json\/wp\/v2\/types\/page"}],"author":[{"embeddable":true,"href":"https:\/\/joh-nrw.com\/blog\/wp-json\/wp\/v2\/users\/1"}],"replies":[{"embeddable":true,"href":"https:\/\/joh-nrw.com\/blog\/wp-json\/wp\/v2\/comments?post=68"}],"version-history":[{"count":8,"href":"https:\/\/joh-nrw.com\/blog\/wp-json\/wp\/v2\/pages\/68\/revisions"}],"predecessor-version":[{"id":916,"href":"https:\/\/joh-nrw.com\/blog\/wp-json\/wp\/v2\/pages\/68\/revisions\/916"}],"wp:attachment":[{"href":"https:\/\/joh-nrw.com\/blog\/wp-json\/wp\/v2\/media?parent=68"}],"curies":[{"name":"wp","href":"https:\/\/api.w.org\/{rel}","templated":true}]}}