{"id":78,"date":"2014-01-29T15:14:48","date_gmt":"2014-01-29T14:14:48","guid":{"rendered":"http:\/\/joh-nrw.com\/blog\/?page_id=78"},"modified":"2018-06-16T12:30:34","modified_gmt":"2018-06-16T10:30:34","slug":"joh-kontakt","status":"publish","type":"page","link":"https:\/\/joh-nrw.com\/blog\/joh-kontakt","title":{"rendered":"Kontakt"},"content":{"rendered":"[contact-form-7 404 \"Not Found\"]\n<p><strong>Menschenrechtsorganisation<br \/>\nWAG-Justiz-Ofer-Hilfe NRW\/Deutschland \/ VG Germaniten<br \/>\n<\/strong><\/p>\n<p>Bei allen Angeh\u00f6rigen der <strong>WAG<\/strong>-JOH \/ VG Germaniten handelt es sich um lebende und beseelte <strong>Menschen<\/strong> mit Natur- und V\u00f6lkerrechten (vgl. Palandt BGB \u00a7 1) mit der Staatsangeh\u00f6rigkeit <strong>Preu\u00dfen<\/strong> \/ <strong>Deutsches Reich<\/strong> und <strong>unmittelbarer<\/strong> Reichszugeh\u00f6rigkeit nach <strong>RuStAG vor 1913 <\/strong>durch Abstammung und Geburt.<\/p>\n<p><strong>Nicht<\/strong> BRD(-OMF)-Angeh\u00f6riger\/<strong>Personal<\/strong> und als Interim-Staatsbeamter (Botschafter) und <strong>Menschenrechtler<\/strong> im <strong>Auftrag<\/strong> des Staates Deutschland\/Deutsches Reich\/<strong>Germanitien<\/strong> t\u00e4tig (vgl. \u00a7\u00a7 18 &#8211; 20 GVG) \u00a0um <strong>u<\/strong>. <strong>a<\/strong>. auch einen <strong>Friedensvertrag<\/strong> f\u00fcr das deutsche Volk, die <strong>Anpassung<\/strong> der bis heute g\u00fcltigen <strong>deutschen Verfassung<\/strong> von <strong>1871<\/strong> und eine <strong>Wiedervereinigung<\/strong> des Staates <strong>Deutschland <\/strong>(Deutsches Reich) in den Grenzen von <strong>min<\/strong>. dem <strong>31.12.1937<\/strong> zu erreichen.<\/p>\n<p>Somit besteht <strong>Exterritorialit\u00e4t<\/strong> nach Ma\u00dfgabe des Wiener \u00dcbereinkommens \u00fcber diplomatische\/konsularische Beziehungen vom 24.04.1963 (Bundesgesetzblatt 1969 II S. 1585 ff) (siehe <strong>W\u00fcD<\/strong>, <strong>W\u00fcK<\/strong>).<\/p>\n<p>Dar\u00fcber hinaus wird die sofortige Umsetzung des GG Art. 20 a (Schutz der nat\u00fcrlichen Lebensgrundlagen) gefordert, damit auch f\u00fcr die n\u00e4chsten deutschen Generationen ein Leben (dann hoffentlich als<strong> freie<\/strong> Menschen) noch gew\u00e4hrleistet werden kann.<\/p>\n<p><a href=\"http:\/\/www.joh-nrw.com\/blog\/wp-content\/uploads\/2014\/01\/hpfixseparat_1zitat_wolke2013.jpg\" target=\"_blank\" rel=\"noopener\"><img loading=\"lazy\" class=\"alignnone size-full wp-image-622\" src=\"http:\/\/www.joh-nrw.com\/blog\/wp-content\/uploads\/2014\/01\/hpfixseparat_1zitat_wolke2013.jpg\" alt=\"hpfixseparat_1zitat_wolke2013\" width=\"607\" height=\"358\" srcset=\"https:\/\/joh-nrw.com\/blog\/wp-content\/uploads\/2014\/01\/hpfixseparat_1zitat_wolke2013.jpg 607w, https:\/\/joh-nrw.com\/blog\/wp-content\/uploads\/2014\/01\/hpfixseparat_1zitat_wolke2013-300x176.jpg 300w, https:\/\/joh-nrw.com\/blog\/wp-content\/uploads\/2014\/01\/hpfixseparat_1zitat_wolke2013-500x294.jpg 500w\" sizes=\"(max-width: 607px) 100vw, 607px\" \/><\/a><\/p>\n<p><strong>Menschenrechtsorganisation, WAG-Justiz-Opfer-Hilfe NRW\/Deutschland<br \/>\n<\/strong><\/p>\n<p><strong>Vorstand der Justiz-Opfer-Hilfe NRW\/Deutschland<\/strong><br \/>\nAlte Dorfstra\u00dfe 7<br \/>\n31737 Rinteln<\/p>\n<p>Tel.: 05731\/4989180<br \/>\nFax.: 05731\/4989175<\/p>\n<p>E-Mail: info@joh-nrw.net<\/p>\n<p>&nbsp;<\/p>\n<p>&nbsp;<\/p>\n<p><a href=\"http:\/\/www.joh-nrw.com\/blog\/wp-content\/uploads\/2014\/01\/hpfixseparat_1weg_frei_.jpg\" target=\"_blank\" rel=\"noopener\"><img loading=\"lazy\" class=\"alignnone size-full wp-image-415\" src=\"http:\/\/www.joh-nrw.com\/blog\/wp-content\/uploads\/2014\/01\/hpfixseparat_1weg_frei_.jpg\" alt=\"hpfixseparat_1weg_frei_\" width=\"340\" height=\"252\" srcset=\"https:\/\/joh-nrw.com\/blog\/wp-content\/uploads\/2014\/01\/hpfixseparat_1weg_frei_.jpg 340w, https:\/\/joh-nrw.com\/blog\/wp-content\/uploads\/2014\/01\/hpfixseparat_1weg_frei_-300x222.jpg 300w\" sizes=\"(max-width: 340px) 100vw, 340px\" \/><\/a><\/p>\n","protected":false},"excerpt":{"rendered":"<p>Menschenrechtsorganisation WAG-Justiz-Ofer-Hilfe NRW\/Deutschland \/ VG Germaniten Bei allen Angeh\u00f6rigen der WAG-JOH \/ VG Germaniten handelt es sich um lebende und beseelte Menschen mit Natur- und V\u00f6lkerrechten (vgl. Palandt BGB \u00a7 1) mit der Staatsangeh\u00f6rigkeit Preu\u00dfen \/ Deutsches Reich und unmittelbarer Reichszugeh\u00f6rigkeit nach RuStAG vor 1913 durch Abstammung und Geburt. Nicht BRD(-OMF)-Angeh\u00f6riger\/Personal und als Interim-Staatsbeamter (Botschafter) und Menschenrechtler im Auftrag des Staates Deutschland\/Deutsches Reich\/Germanitien t\u00e4tig (vgl. \u00a7\u00a7 18 &#8211; 20 GVG) \u00a0um u. a. auch einen Friedensvertrag f\u00fcr das deutsche Volk, die Anpassung der bis heute g\u00fcltigen deutschen Verfassung von 1871 und eine Wiedervereinigung des Staates Deutschland (Deutsches Reich) in den Grenzen von min. dem 31.12.1937 zu erreichen. Somit besteht Exterritorialit\u00e4t nach Ma\u00dfgabe des Wiener \u00dcbereinkommens \u00fcber diplomatische\/konsularische Beziehungen vom 24.04.1963 (Bundesgesetzblatt 1969 II S. 1585 ff) (siehe W\u00fcD, W\u00fcK). Dar\u00fcber hinaus wird die sofortige Umsetzung des GG Art. 20 a (Schutz der nat\u00fcrlichen Lebensgrundlagen) gefordert, damit auch f\u00fcr die n\u00e4chsten deutschen Generationen ein Leben (dann hoffentlich als freie Menschen) noch gew\u00e4hrleistet werden kann. Menschenrechtsorganisation, WAG-Justiz-Opfer-Hilfe NRW\/Deutschland Vorstand der Justiz-Opfer-Hilfe NRW\/Deutschland Alte Dorfstra\u00dfe 7 31737 Rinteln Tel.: 05731\/4989180 Fax.: 05731\/4989175 E-Mail: info@joh-nrw.net &nbsp; &nbsp;<\/p>\n","protected":false},"author":1,"featured_media":0,"parent":0,"menu_order":0,"comment_status":"closed","ping_status":"closed","template":"","meta":{"_links_to":"","_links_to_target":""},"_links":{"self":[{"href":"https:\/\/joh-nrw.com\/blog\/wp-json\/wp\/v2\/pages\/78"}],"collection":[{"href":"https:\/\/joh-nrw.com\/blog\/wp-json\/wp\/v2\/pages"}],"about":[{"href":"https:\/\/joh-nrw.com\/blog\/wp-json\/wp\/v2\/types\/page"}],"author":[{"embeddable":true,"href":"https:\/\/joh-nrw.com\/blog\/wp-json\/wp\/v2\/users\/1"}],"replies":[{"embeddable":true,"href":"https:\/\/joh-nrw.com\/blog\/wp-json\/wp\/v2\/comments?post=78"}],"version-history":[{"count":10,"href":"https:\/\/joh-nrw.com\/blog\/wp-json\/wp\/v2\/pages\/78\/revisions"}],"predecessor-version":[{"id":4032,"href":"https:\/\/joh-nrw.com\/blog\/wp-json\/wp\/v2\/pages\/78\/revisions\/4032"}],"wp:attachment":[{"href":"https:\/\/joh-nrw.com\/blog\/wp-json\/wp\/v2\/media?parent=78"}],"curies":[{"name":"wp","href":"https:\/\/api.w.org\/{rel}","templated":true}]}}

[contact-form-7 404 "Not Found"]
<p><strong>Menschenrechtsorganisation<br />
WAG-Justiz-Ofer-Hilfe NRW/Deutschland / VG Germaniten<br />
</strong></p>
<p>Bei allen Angehörigen der <strong>WAG</strong>-JOH / VG Germaniten handelt es sich um lebende und beseelte <strong>Menschen</strong> mit Natur- und Völkerrechten (vgl. Palandt BGB § 1) mit der Staatsangehörigkeit <strong>Preußen</strong> / <strong>Deutsches Reich</strong> und <strong>unmittelbarer</strong> Reichszugehörigkeit nach <strong>RuStAG vor 1913 </strong>durch Abstammung und Geburt.</p>
<p><strong>Nicht</strong> BRD(-OMF)-Angehöriger/<strong>Personal</strong> und als Interim-Staatsbeamter (Botschafter) und <strong>Menschenrechtler</strong> im <strong>Auftrag</strong> des Staates Deutschland/Deutsches Reich/<strong>Germanitien</strong> tätig (vgl. §§ 18 &#8211; 20 GVG)  um <strong>u</strong>. <strong>a</strong>. auch einen <strong>Friedensvertrag</strong> für das deutsche Volk, die <strong>Anpassung</strong> der bis heute gültigen <strong>deutschen Verfassung</strong> von <strong>1871</strong> und eine <strong>Wiedervereinigung</strong> des Staates <strong>Deutschland </strong>(Deutsches Reich) in den Grenzen von <strong>min</strong>. dem <strong>31.12.1937</strong> zu erreichen.</p>
<p>Somit besteht <strong>Exterritorialität</strong> nach Maßgabe des Wiener Übereinkommens über diplomatische/konsularische Beziehungen vom 24.04.1963 (Bundesgesetzblatt 1969 II S. 1585 ff) (siehe <strong>WüD</strong>, <strong>WüK</strong>).</p>
<p>Darüber hinaus wird die sofortige Umsetzung des GG Art. 20 a (Schutz der natürlichen Lebensgrundlagen) gefordert, damit auch für die nächsten deutschen Generationen ein Leben (dann hoffentlich als<strong> freie</strong> Menschen) noch gewährleistet werden kann.</p>
<p><a href="http://www.joh-nrw.com/blog/wp-content/uploads/2014/01/hpfixseparat_1zitat_wolke2013.jpg" target="_blank" rel="noopener"><img loading="lazy" class="alignnone size-full wp-image-622" src="http://www.joh-nrw.com/blog/wp-content/uploads/2014/01/hpfixseparat_1zitat_wolke2013.jpg" alt="hpfixseparat_1zitat_wolke2013" width="607" height="358" srcset="https://joh-nrw.com/blog/wp-content/uploads/2014/01/hpfixseparat_1zitat_wolke2013.jpg 607w, https://joh-nrw.com/blog/wp-content/uploads/2014/01/hpfixseparat_1zitat_wolke2013-300x176.jpg 300w, https://joh-nrw.com/blog/wp-content/uploads/2014/01/hpfixseparat_1zitat_wolke2013-500x294.jpg 500w" sizes="(max-width: 607px) 100vw, 607px" /></a></p>
<p><strong>Menschenrechtsorganisation, WAG-Justiz-Opfer-Hilfe NRW/Deutschland<br />
</strong></p>
<p><strong>Vorstand der Justiz-Opfer-Hilfe NRW/Deutschland</strong><br />
Alte Dorfstraße 7<br />
31737 Rinteln</p>
<p>Tel.: 05731/4989180<br />
Fax.: 05731/4989175</p>
<p>E-Mail: info@joh-nrw.net</p>
<p>&nbsp;</p>
<p>&nbsp;</p>
<p><a href="http://www.joh-nrw.com/blog/wp-content/uploads/2014/01/hpfixseparat_1weg_frei_.jpg" target="_blank" rel="noopener"><img loading="lazy" class="alignnone size-full wp-image-415" src="http://www.joh-nrw.com/blog/wp-content/uploads/2014/01/hpfixseparat_1weg_frei_.jpg" alt="hpfixseparat_1weg_frei_" width="340" height="252" srcset="https://joh-nrw.com/blog/wp-content/uploads/2014/01/hpfixseparat_1weg_frei_.jpg 340w, https://joh-nrw.com/blog/wp-content/uploads/2014/01/hpfixseparat_1weg_frei_-300x222.jpg 300w" sizes="(max-width: 340px) 100vw, 340px" /></a></p>

<p>Menschenrechtsorganisation WAG-Justiz-Ofer-Hilfe NRW/Deutschland / VG Germaniten Bei allen Angehörigen der WAG-JOH / VG Germaniten handelt es sich um lebende und beseelte Menschen mit Natur- und Völkerrechten (vgl. Palandt BGB § 1) mit der Staatsangehörigkeit Preußen / Deutsches Reich und unmittelbarer Reichszugehörigkeit nach RuStAG vor 1913 durch Abstammung und Geburt. Nicht BRD(-OMF)-Angehöriger/Personal und als Interim-Staatsbeamter (Botschafter) und Menschenrechtler im Auftrag des Staates Deutschland/Deutsches Reich/Germanitien tätig (vgl. §§ 18 &#8211; 20 GVG)  um u. a. auch einen Friedensvertrag für das deutsche Volk, die Anpassung der bis heute gültigen deutschen Verfassung von 1871 und eine Wiedervereinigung des Staates Deutschland (Deutsches Reich) in den Grenzen von min. dem 31.12.1937 zu erreichen. Somit besteht Exterritorialität nach Maßgabe des Wiener Übereinkommens über diplomatische/konsularische Beziehungen vom 24.04.1963 (Bundesgesetzblatt 1969 II S. 1585 ff) (siehe WüD, WüK). Darüber hinaus wird die sofortige Umsetzung des GG Art. 20 a (Schutz der natürlichen Lebensgrundlagen) gefordert, damit auch für die nächsten deutschen Generationen ein Leben (dann hoffentlich als freie Menschen) noch gewährleistet werden kann. Menschenrechtsorganisation, WAG-Justiz-Opfer-Hilfe NRW/Deutschland Vorstand der Justiz-Opfer-Hilfe NRW/Deutschland Alte Dorfstraße 7 31737 Rinteln Tel.: 05731/4989180 Fax.: 05731/4989175 E-Mail: info@joh-nrw.net &nbsp; &nbsp;</p>
